CRAN Package Check Results for Package fhircrackr

Last updated on 2021-12-03 22:57:39 CET.

Flavor Version Tinstall Tcheck Ttotal Status Flags
r-devel-linux-x86_64-debian-clang 1.0.1 7.31 56.71 64.02 OK
r-devel-linux-x86_64-debian-gcc 1.0.1 5.98 43.00 48.98 OK
r-devel-linux-x86_64-fedora-clang 1.0.1 88.22 NOTE
r-devel-linux-x86_64-fedora-gcc 1.0.1 75.60 NOTE
r-devel-windows-x86_64-new-UL 1.0.1 22.00 105.00 127.00 OK
r-devel-windows-x86_64-new-TK 1.0.1 NOTE
r-devel-windows-x86_64-old 1.0.1 15.00 58.00 73.00 OK
r-patched-linux-x86_64 1.0.1 6.64 55.81 62.45 OK
r-release-linux-x86_64 1.0.1 7.76 56.03 63.79 OK
r-release-macos-arm64 1.0.1 NOTE
r-release-macos-x86_64 1.0.1 NOTE
r-release-windows-ix86+x86_64 1.0.1 17.00 81.00 98.00 OK
r-oldrel-macos-x86_64 1.0.1 NOTE
r-oldrel-windows-ix86+x86_64 1.0.1 17.00 78.00 95.00 OK

Check Details

Version: 1.0.1
Check: dependencies in R code
Result: NOTE
    Namespace in Imports field not imported from: ‘plyr’
     All declared Imports should be used.
Flavors: r-devel-linux-x86_64-fedora-clang, r-devel-linux-x86_64-fedora-gcc, r-devel-windows-x86_64-new-TK, r-release-macos-arm64, r-release-macos-x86_64, r-oldrel-macos-x86_64