CRAN Package Check Results for Package fic

Last updated on 2020-01-18 22:48:31 CET.

Flavor Version Tinstall Tcheck Ttotal Status Flags
r-devel-linux-x86_64-debian-clang 1.0.0 9.93 178.19 188.12 OK
r-devel-linux-x86_64-debian-gcc 1.0.0 8.94 135.89 144.83 OK
r-devel-linux-x86_64-fedora-clang 1.0.0 224.95 NOTE
r-devel-linux-x86_64-fedora-gcc 1.0.0 220.51 NOTE
r-devel-windows-ix86+x86_64 1.0.0 30.00 304.00 334.00 OK
r-devel-windows-ix86+x86_64-gcc8 1.0.0 20.00 306.00 326.00 OK
r-patched-linux-x86_64 1.0.0 9.00 157.47 166.47 OK
r-patched-solaris-x86 1.0.0 275.80 NOTE
r-release-linux-x86_64 1.0.0 8.94 158.81 167.75 OK
r-release-windows-ix86+x86_64 1.0.0 28.00 297.00 325.00 OK
r-release-osx-x86_64 1.0.0 NOTE
r-oldrel-windows-ix86+x86_64 1.0.0 17.00 180.00 197.00 OK
r-oldrel-osx-x86_64 1.0.0 NOTE

Check Details

Version: 1.0.0
Check: dependencies in R code
Result: NOTE
    Namespace in Imports field not imported from: ‘numDeriv’
     All declared Imports should be used.
Flavors: r-devel-linux-x86_64-fedora-clang, r-devel-linux-x86_64-fedora-gcc, r-patched-solaris-x86, r-release-osx-x86_64, r-oldrel-osx-x86_64