CRAN Package Check Results for Package filearray

Last updated on 2021-11-30 22:54:31 CET.

Flavor Version Tinstall Tcheck Ttotal Status Flags
r-devel-linux-x86_64-debian-clang 0.1.2 102.97 63.41 166.38 OK
r-devel-linux-x86_64-debian-gcc 0.1.2 73.96 48.14 122.10 OK
r-devel-linux-x86_64-fedora-clang 0.1.2 255.62 OK
r-devel-linux-x86_64-fedora-gcc 0.1.2 219.33 OK
r-devel-windows-x86_64-new-UL 0.1.2 113.00 153.00 266.00 OK
r-devel-windows-x86_64-new-TK 0.1.2 OK
r-devel-windows-x86_64-old 0.1.2 148.00 69.00 217.00 OK
r-patched-linux-x86_64 0.1.2 87.19 57.10 144.29 OK
r-patched-solaris-x86 0.1.2 1962.30 ERROR
r-release-linux-x86_64 0.1.2 86.03 58.35 144.38 OK
r-release-macos-arm64 0.1.2 NOTE
r-release-macos-x86_64 0.1.2 OK
r-release-windows-ix86+x86_64 0.1.2 256.00 117.00 373.00 OK
r-oldrel-macos-x86_64 0.1.2 WARN
r-oldrel-windows-ix86+x86_64 0.1.2 219.00 95.00 314.00 WARN

Check Details

Version: 0.1.2
Check: tests
Result: ERROR
     Running ‘testthat.R’ [30m/31m]
    Running the tests in ‘tests/testthat.R’ failed.
    Complete output:
     > library(testthat)
     >
     > library(filearray)
     R CMD check mode. Using 2 threads.
     >
     > test_check("filearray")
     BIBINPUTS .:.:/home/ripley/R/cc/share/texmf/bibtex/bib::/home/ripley/R/cc/share/texmf/bibtex/bib:
     BSTINPUTS .:.:/home/ripley/R/cc/share/texmf/bibtex/bst::/home/ripley/R/cc/share/texmf/bibtex/bst:
     DISPLAY :5
     EDITOR vi
     HDF5_USE_FILE_LOCKING FALSE
     HOME /home/ripley
     LANG en_GB.UTF-8
     LANGUAGE C
     LC_COLLATE C
     LC_CTYPE en_GB.UTF-8
     LD_LIBRARY_PATH /home/ripley/R/cc/lib:/home/ripley/developerstudio12.6/lib:/usr/local/lib:/opt/csw/lib:/opt/jdk1.7.0_65/jre/lib/i386/client:/home/ripley/R/cc/lib:/home/ripley/developerstudio12.6/lib:/usr/local/lib:/opt/csw/lib:/opt/jdk1.7.0_65/jre/lib/i386/client:/home/ripley/R/cc/lib:/home/ripley/developerstudio12.6/lib:/usr/local/lib:/opt/csw/lib:/opt/jdk1.7.0_65/jre/lib/i386/client:/home/ripley/R/cc/lib:/home/ripley/developerstudio12.6/lib:/usr/local/lib:/opt/csw/lib:/opt/jdk1.7.0_65/jre/lib/i386/client:/home/ripley/R/cc/lib:/home/ripley/developerstudio12.6/lib:/usr/local/lib:/opt/csw/lib:/opt/jdk1.7.0_65/jre/lib/i386/client
     LN_S ln -s
     LOGNAME ripley
     MAKE make
     MAKEFLAGS
     MAKELEVEL 1
     MFLAGS -k -j20 --jobserver-auth=3,4
     OMP_THREAD_LIMIT 2
     PAGER /bin/less
     PATH .:/home/ripley/bin:/usr/local/bin:/opt/developerstudio12.5/bin:/usr/xpg4/bin:/usr/ccs/bin:/usr/bin/X11:/usr/openwin/bin:/opt/jdk1.7.0_65/bin:/bin:/usr/bin:/usr/sbin:/sbin:/opt/csw/bin:/usr/sfw/bin:/usr/local/texlive/current/bin/i386-solaris:/opt/SUNWhpc/HPC8.2.1c/sun/bin
     PKG_CONFIG_PATH /opt/csw/lib/pkgconfig:/usr/local/lib/pkgconfig:/usr/lib/pkgconfig
     PWD /home/ripley/R/packages/tests32/filearray.Rcheck/tests
     RGL_USE_NULL true
     R_ARCH
     R_BATCH
     R_BROWSER false
     R_BZIPCMD /bin/bzip2
     R_CMD /home/ripley/R/cc/bin/Rcmd
     R_DEFAULT_INTERNET_TIMEOUT
     300
     R_DEFAULT_PACKAGES
     R_DOC_DIR /home/ripley/R/cc/doc
     R_ENVIRON
     R_ENVIRON_USER
     R_GZIPCMD /bin/gzip
     R_HOME /home/ripley/R/cc
     R_INCLUDE_DIR /home/ripley/R/cc/include
     R_LIBS /tmp/RtmpCAaqss/RLIBS_24925e4614a2
     R_LIBS_SITE no_such_dir
     R_LIBS_USER
     R_OSTYPE unix
     R_PAPERSIZE a4
     R_PAPERSIZE_USER a4
     R_PDFVIEWER false
     R_PLATFORM i386-pc-solaris2.10
     R_PRINTCMD lpr
     R_PROFILE
     R_PROFILE_USER
     R_RD4PDF times,inconsolata,hyper
     R_SESSION_TMPDIR /tmp/RtmpCAaqss/working_dir/RtmprHaa1v
     R_SHARE_DIR /home/ripley/R/cc/share
     R_STRIP_SHARED_LIB
     R_STRIP_STATIC_LIB
     R_SYSTEM_ABI solaris,solcc,solCC,solf95,solf95
     R_TESTS
     R_TEXI2DVICMD /usr/local/bin/texi2dvi
     R_UNZIPCMD /bin/unzip
     R_VERSION 4.1.2
     R_ZIPCMD /bin/zip
     SED /usr/xpg4/bin/sed
     SHELL /usr/bin/sh
     SHLVL 0
     TAR /opt/csw/bin/gtar
     TESTTHAT true
     TESTTHAT_PKG filearray
     TEXINPUTS .:.:/home/ripley/R/cc/share/texmf/tex/latex::/home/ripley/R/cc/share/texmf/tex/latex:
     TMPDIR /tmp/RtmpCAaqss/working_dir
     TZ GB
     USER ripley
     WNHOME /usr/local/wordnet-3.0
     _R_CHECK_BUILD_VIGNETTES_ELAPSED_TIMEOUT_
     3h
     _R_CHECK_COMPACT_DATA2_
     TRUE
     _R_CHECK_COMPILATION_FLAGS_
     true
     _R_CHECK_DEPRECATED_DEFUNCT_
     true
     _R_CHECK_ELAPSED_TIMEOUT_
     1h
     _R_CHECK_FORCE_SUGGESTS_
     FALSE
     _R_CHECK_INSTALL_DEPENDS_
     TRUE
     _R_CHECK_INSTALL_ELAPSED_TIMEOUT_
     4h
     _R_CHECK_INTERNALS2_ 1
     _R_CHECK_LICENSE_ TRUE
     _R_CHECK_NO_RECOMMENDED_
     TRUE
     _R_CHECK_OVERWRITE_REGISTERED_S3_METHODS_
     true
     _R_CHECK_PACKAGES_USED_IN_TESTS_USE_SUBDIRS_
     true
     _R_CHECK_PACKAGE_NAME_
     filearray
     _R_CHECK_REPLACING_IMPORTS_
     true
     _R_CHECK_S3_METHODS_NOT_REGISTERED_
     true
     _R_CHECK_SUGGESTS_ONLY_
     TRUE
     _R_CHECK_TESTS_ELAPSED_TIMEOUT_
     3h
     _R_CHECK_TESTS_NLINES_
     0
     _R_CHECK_THINGS_IN_CHECK_DIR_
     true
     _R_CHECK_THINGS_IN_TEMP_DIR_
     true
     _R_CHECK_TIMINGS_ 10
     _R_CHECK_VC_DIRS_ TRUE
     _R_CHECK_VIGNETTES_NLINES_
     10000
     _R_CHECK_VIGNETTES_SKIP_RUN_MAYBE_
     true
     _R_CHECK_XREFS_USE_ALIASES_FROM_CRAN_
     TRUE
     _R_SHLIB_BUILD_OBJECTS_SYMBOL_TABLES_
     TRUE
     [1] 1.7268760 0.5602485 0.4386182 1.0719618
     [1] -0.7884546 -0.1751278 -1.0664090 -1.0018518
Flavor: r-patched-solaris-x86

Version: 0.1.2
Check: installed package size
Result: NOTE
     installed size is 5.4Mb
     sub-directories of 1Mb or more:
     libs 5.0Mb
Flavor: r-release-macos-arm64

Version: 0.1.2
Check: for code/documentation mismatches
Result: WARN
    Codoc mismatches from documentation object 'apply':
    apply
     Code: function(X, MARGIN, FUN, ...)
     Docs: function(X, MARGIN, FUN, ..., simplify = TRUE)
     Argument names in docs not in code:
     simplify
Flavors: r-oldrel-macos-x86_64, r-oldrel-windows-ix86+x86_64