CRAN Package Check Results for Package filesstrings

Last updated on 2022-10-06 22:58:40 CEST.

Flavor Version Tinstall Tcheck Ttotal Status Flags
r-devel-linux-x86_64-debian-clang 3.2.3 3.04 41.56 44.60 OK
r-devel-linux-x86_64-debian-gcc 3.2.3 2.53 31.97 34.50 OK
r-devel-linux-x86_64-fedora-gcc 3.2.3 70.54 OK
r-devel-windows-x86_64 3.2.3 66.00 77.00 143.00 OK
r-patched-linux-x86_64 3.2.3 3.93 38.79 42.72 OK
r-release-linux-x86_64 3.2.3 3.28 38.48 41.76 OK
r-release-macos-arm64 3.2.3 20.00 OK
r-release-macos-x86_64 3.2.3 30.00 OK
r-release-windows-x86_64 3.2.3 51.00 72.00 123.00 OK
r-oldrel-macos-arm64 3.2.3 22.00 OK
r-oldrel-macos-x86_64 3.2.3 28.00 OK
r-oldrel-windows-ix86+x86_64 3.2.3 2.00 17.00 19.00 ERROR

Check Details

Version: 3.2.3
Check: package dependencies
Result: ERROR
    Packages required and available but unsuitable versions: 'strex', 'stringi'
    
    See section 'The DESCRIPTION file' in the 'Writing R Extensions'
    manual.
Flavor: r-oldrel-windows-ix86+x86_64