CRAN Package Check Results for Package finbif

Last updated on 2021-05-17 22:56:23 CEST.

Flavor Version Tinstall Tcheck Ttotal Status Flags
r-devel-linux-x86_64-debian-clang 0.5.0 9.48 76.27 85.75 OK
r-devel-linux-x86_64-debian-gcc 0.5.0 7.68 61.36 69.04 OK
r-devel-linux-x86_64-fedora-clang 0.5.0 110.69 NOTE
r-devel-linux-x86_64-fedora-gcc 0.5.0 101.86 NOTE
r-devel-windows-ix86+x86_64 0.5.0 16.00 103.00 119.00 OK
r-devel-windows-x86_64-gcc10-UCRT 0.5.0 NOTE
r-patched-linux-x86_64 0.5.0 9.71 76.21 85.92 OK
r-patched-solaris-x86 0.5.0 143.10 NOTE
r-release-linux-x86_64 0.5.0 9.47 75.08 84.55 OK
r-release-macos-x86_64 0.5.0 NOTE
r-release-windows-ix86+x86_64 0.5.0 11.00 86.00 97.00 OK
r-oldrel-macos-x86_64 0.5.0 NOTE
r-oldrel-windows-ix86+x86_64 0.5.0 9.00 116.00 125.00 OK

Check Details

Version: 0.5.0
Check: dependencies in R code
Result: NOTE
    Namespace in Imports field not imported from: ‘curl’
     All declared Imports should be used.
Flavors: r-devel-linux-x86_64-fedora-clang, r-devel-linux-x86_64-fedora-gcc, r-devel-windows-x86_64-gcc10-UCRT, r-patched-solaris-x86, r-release-macos-x86_64, r-oldrel-macos-x86_64