Last updated on 2024-04-24 23:00:20 CEST.
Flavor | Version | Tinstall | Tcheck | Ttotal | Status | Flags |
---|---|---|---|---|---|---|
r-devel-linux-x86_64-debian-clang | 0.1.0 | 6.03 | 67.38 | 73.41 | OK | |
r-devel-linux-x86_64-debian-gcc | 0.1.0 | 5.79 | 49.29 | 55.08 | OK | |
r-devel-linux-x86_64-fedora-clang | 0.1.0 | 92.39 | NOTE | |||
r-devel-linux-x86_64-fedora-gcc | 0.1.0 | 88.23 | NOTE | |||
r-devel-windows-x86_64 | 0.1.0 | 7.00 | 66.00 | 73.00 | OK | |
r-patched-linux-x86_64 | 0.1.0 | 7.11 | 64.95 | 72.06 | OK | |
r-release-linux-x86_64 | 0.1.0 | 7.59 | 64.35 | 71.94 | OK | |
r-release-macos-arm64 | 0.1.0 | 34.00 | OK | |||
r-release-macos-x86_64 | 0.1.0 | 60.00 | OK | |||
r-release-windows-x86_64 | 0.1.0 | 7.00 | 67.00 | 74.00 | OK | |
r-oldrel-macos-arm64 | 0.1.0 | 28.00 | OK | |||
r-oldrel-macos-x86_64 | 0.1.0 | 47.00 | OK | |||
r-oldrel-windows-x86_64 | 0.1.0 | 9.00 | 76.00 | 85.00 | OK |
Version: 0.1.0
Check: dependencies in R code
Result: NOTE
Namespace in Imports field not imported from: ‘mvtnorm’
All declared Imports should be used.
Flavors: r-devel-linux-x86_64-fedora-clang, r-devel-linux-x86_64-fedora-gcc