Last updated on 2023-09-23 23:00:46 CEST.
Flavor | Version | Tinstall | Tcheck | Ttotal | Status | Flags |
---|---|---|---|---|---|---|
r-devel-linux-x86_64-debian-clang | 0.1.0 | 7.48 | 67.79 | 75.27 | OK | |
r-devel-linux-x86_64-debian-gcc | 0.1.0 | 5.88 | 50.30 | 56.18 | OK | |
r-devel-linux-x86_64-fedora-clang | 0.1.0 | 95.57 | NOTE | |||
r-devel-linux-x86_64-fedora-gcc | 0.1.0 | 89.30 | NOTE | |||
r-devel-windows-x86_64 | 0.1.0 | 8.00 | 68.00 | 76.00 | OK | |
r-patched-linux-x86_64 | 0.1.0 | 7.11 | 64.70 | 71.81 | OK | |
r-release-linux-x86_64 | 0.1.0 | 7.64 | 66.13 | 73.77 | OK | |
r-release-macos-arm64 | 0.1.0 | 34.00 | OK | |||
r-release-macos-x86_64 | 0.1.0 | 47.00 | OK | |||
r-release-windows-x86_64 | 0.1.0 | 9.00 | 77.00 | 86.00 | OK | |
r-oldrel-macos-arm64 | 0.1.0 | 28.00 | OK | |||
r-oldrel-macos-x86_64 | 0.1.0 | 40.00 | OK | |||
r-oldrel-windows-x86_64 | 0.1.0 | 10.00 | 81.00 | 91.00 | OK |
Version: 0.1.0
Check: dependencies in R code
Result: NOTE
Namespace in Imports field not imported from: ‘mvtnorm’
All declared Imports should be used.
Flavors: r-devel-linux-x86_64-fedora-clang, r-devel-linux-x86_64-fedora-gcc