CRAN Package Check Results for Package finetune

Last updated on 2021-10-23 22:57:47 CEST.

Flavor Version Tinstall Tcheck Ttotal Status Flags
r-devel-linux-x86_64-debian-clang 0.1.0 14.71 278.73 293.44 OK
r-devel-linux-x86_64-debian-gcc 0.1.0 12.76 214.29 227.05 OK
r-devel-linux-x86_64-fedora-clang 0.1.0 347.14 NOTE
r-devel-linux-x86_64-fedora-gcc 0.1.0 338.30 NOTE
r-devel-windows-x86_64 0.1.0 26.00 318.00 344.00 OK
r-devel-windows-x86_64-gcc10-UCRT 0.1.0 NOTE
r-patched-linux-x86_64 0.1.0 20.62 261.53 282.15 OK
r-patched-solaris-x86 0.1.0 468.00 NOTE
r-release-linux-x86_64 0.1.0 14.27 261.58 275.85 OK
r-release-macos-arm64 0.1.0 NOTE
r-release-macos-x86_64 0.1.0 NOTE
r-release-windows-ix86+x86_64 0.1.0 25.00 316.00 341.00 OK
r-oldrel-macos-x86_64 0.1.0 NOTE
r-oldrel-windows-ix86+x86_64 0.1.0 37.00 326.00 363.00 OK

Check Details

Version: 0.1.0
Check: dependencies in R code
Result: NOTE
    Namespaces in Imports field not imported from:
     ‘ranger’ ‘yardstick’
     All declared Imports should be used.
Flavors: r-devel-linux-x86_64-fedora-clang, r-devel-linux-x86_64-fedora-gcc, r-devel-windows-x86_64-gcc10-UCRT, r-patched-solaris-x86, r-release-macos-arm64, r-release-macos-x86_64, r-oldrel-macos-x86_64