Last updated on 2024-04-23 22:55:22 CEST.
Flavor | Version | Tinstall | Tcheck | Ttotal | Status | Flags |
---|---|---|---|---|---|---|
r-devel-linux-x86_64-debian-clang | 0.1.0 | 2.11 | 42.51 | 44.62 | OK | |
r-devel-linux-x86_64-debian-gcc | 0.1.0 | 2.34 | 31.10 | 33.44 | OK | |
r-devel-linux-x86_64-fedora-clang | 0.1.0 | 56.71 | NOTE | |||
r-devel-linux-x86_64-fedora-gcc | 0.1.0 | 48.32 | NOTE | |||
r-prerel-macos-arm64 | 0.1.0 | 17.00 | OK | |||
r-prerel-macos-x86_64 | 0.1.0 | 39.00 | OK | |||
r-prerel-windows-x86_64 | 0.1.0 | 4.00 | 52.00 | 56.00 | OK | |
r-patched-linux-x86_64 | 0.1.0 | 3.35 | 40.33 | 43.68 | OK | |
r-release-linux-x86_64 | 0.1.0 | 2.94 | 40.65 | 43.59 | OK | |
r-release-macos-arm64 | 0.1.0 | 21.00 | OK | |||
r-release-macos-x86_64 | 0.1.0 | 27.00 | OK | |||
r-release-windows-x86_64 | 0.1.0 | 5.00 | 52.00 | 57.00 | OK | |
r-oldrel-macos-arm64 | 0.1.0 | 20.00 | OK | |||
r-oldrel-windows-x86_64 | 0.1.0 | 5.00 | 60.00 | 65.00 | OK |
Version: 0.1.0
Check: dependencies in R code
Result: NOTE
Namespace in Imports field not imported from: ‘mvtnorm’
All declared Imports should be used.
Flavors: r-devel-linux-x86_64-fedora-clang, r-devel-linux-x86_64-fedora-gcc