Last updated on 2024-04-23 22:55:22 CEST.
Flavor | Version | Tinstall | Tcheck | Ttotal | Status | Flags |
---|---|---|---|---|---|---|
r-devel-linux-x86_64-debian-clang | 1.0.0 | 30.86 | 77.52 | 108.38 | NOTE | |
r-devel-linux-x86_64-debian-gcc | 1.0.0 | 23.04 | 55.53 | 78.57 | NOTE | |
r-devel-linux-x86_64-fedora-clang | 1.0.0 | 150.49 | NOTE | |||
r-devel-linux-x86_64-fedora-gcc | 1.0.0 | 149.70 | NOTE | |||
r-prerel-macos-arm64 | 1.0.0 | 41.00 | NOTE | |||
r-prerel-windows-x86_64 | 1.0.0 | 25.00 | 94.00 | 119.00 | NOTE | |
r-patched-linux-x86_64 | 1.0.0 | 24.75 | 72.93 | 97.68 | NOTE | |
r-release-linux-x86_64 | 1.0.0 | 29.14 | 71.17 | 100.31 | NOTE | |
r-release-macos-arm64 | 1.0.0 | 41.00 | NOTE | |||
r-release-macos-x86_64 | 1.0.0 | 70.00 | NOTE | |||
r-release-windows-x86_64 | 1.0.0 | 32.00 | 103.00 | 135.00 | NOTE | |
r-oldrel-macos-arm64 | 1.0.0 | 37.00 | NOTE | |||
r-oldrel-windows-x86_64 | 1.0.0 | 31.00 | 105.00 | 136.00 | NOTE |
Version: 1.0.0
Check: C++ specification
Result: NOTE
Specified C++11: please drop specification unless essential
Flavors: r-devel-linux-x86_64-debian-clang, r-devel-linux-x86_64-debian-gcc, r-devel-linux-x86_64-fedora-clang, r-devel-linux-x86_64-fedora-gcc, r-prerel-macos-arm64, r-prerel-windows-x86_64, r-patched-linux-x86_64, r-release-linux-x86_64, r-release-macos-arm64, r-release-macos-x86_64, r-release-windows-x86_64
Version: 1.0.0
Check: LazyData
Result: NOTE
'LazyData' is specified without a 'data' directory
Flavors: r-devel-linux-x86_64-debian-clang, r-devel-linux-x86_64-debian-gcc, r-devel-linux-x86_64-fedora-clang, r-devel-linux-x86_64-fedora-gcc, r-prerel-macos-arm64, r-prerel-windows-x86_64, r-patched-linux-x86_64, r-release-linux-x86_64, r-release-macos-arm64, r-release-macos-x86_64, r-release-windows-x86_64, r-oldrel-macos-arm64, r-oldrel-windows-x86_64