CRAN Package Check Results for Package fishflux

Last updated on 2021-10-20 23:50:09 CEST.

Flavor Version Tinstall Tcheck Ttotal Status Flags
r-devel-linux-x86_64-debian-clang 0.0.1.5 207.43 182.58 390.01 NOTE
r-devel-linux-x86_64-debian-gcc 0.0.1.5 195.96 144.88 340.84 NOTE
r-devel-linux-x86_64-fedora-clang 0.0.1.5 581.18 NOTE
r-devel-linux-x86_64-fedora-gcc 0.0.1.5 626.06 NOTE
r-devel-windows-x86_64 0.0.1.5 271.00 251.00 522.00 NOTE
r-devel-windows-x86_64-gcc10-UCRT 0.0.1.5 NOTE
r-patched-linux-x86_64 0.0.1.5 217.54 183.76 401.30 NOTE
r-patched-solaris-x86 0.0.1.5 537.10 NOTE
r-release-linux-x86_64 0.0.1.5 219.29 182.21 401.50 NOTE
r-release-macos-arm64 0.0.1.5 NOTE
r-release-macos-x86_64 0.0.1.5 NOTE
r-release-windows-ix86+x86_64 0.0.1.5 518.00 341.00 859.00 NOTE
r-oldrel-macos-x86_64 0.0.1.5 NOTE
r-oldrel-windows-ix86+x86_64 0.0.1.5 545.00 349.00 894.00 NOTE

Check Details

Version: 0.0.1.5
Check: for GNU extensions in Makefiles
Result: NOTE
    GNU make is a SystemRequirements.
Flavors: r-devel-linux-x86_64-debian-clang, r-devel-linux-x86_64-debian-gcc, r-devel-linux-x86_64-fedora-clang, r-devel-linux-x86_64-fedora-gcc, r-devel-windows-x86_64, r-devel-windows-x86_64-gcc10-UCRT, r-patched-linux-x86_64, r-patched-solaris-x86, r-release-linux-x86_64, r-release-macos-arm64, r-release-macos-x86_64, r-release-windows-ix86+x86_64, r-oldrel-macos-x86_64, r-oldrel-windows-ix86+x86_64

Version: 0.0.1.5
Check: installed package size
Result: NOTE
     installed size is 33.4Mb
     sub-directories of 1Mb or more:
     libs 32.8Mb
Flavors: r-devel-linux-x86_64-fedora-clang, r-release-macos-arm64, r-release-macos-x86_64, r-release-windows-ix86+x86_64, r-oldrel-macos-x86_64, r-oldrel-windows-ix86+x86_64

Version: 0.0.1.5
Check: dependencies in R code
Result: NOTE
    Namespaces in Imports field not imported from:
     ‘RcppParallel’ ‘rstantools’
     All declared Imports should be used.
Flavors: r-devel-linux-x86_64-fedora-clang, r-devel-linux-x86_64-fedora-gcc, r-devel-windows-x86_64-gcc10-UCRT, r-patched-solaris-x86, r-release-macos-arm64, r-release-macos-x86_64, r-oldrel-macos-x86_64

Version: 0.0.1.5
Check: line endings in C/C++/Fortran sources/headers
Result: NOTE
    Found the following sources/headers with CR or CRLF line endings:
     src/RcppExports.cpp
     src/stanExports_cnpmodelmcmc.cc
     src/stanExports_cnpmodelmcmc.h
     src/stanExports_getB0.cc
     src/stanExports_getB0.h
    Some Unix compilers require LF line endings.
Flavor: r-devel-windows-x86_64-gcc10-UCRT