CRAN Package Check Results for Package fitConic

Last updated on 2023-12-03 22:57:06 CET.

Flavor Version Tinstall Tcheck Ttotal Status Flags
r-devel-linux-x86_64-debian-clang 1.2.1 3.26 29.79 33.05 NOTE
r-devel-linux-x86_64-debian-gcc 1.2.1 2.55 23.25 25.80 NOTE
r-devel-linux-x86_64-fedora-clang 1.2.1 41.31 NOTE
r-devel-linux-x86_64-fedora-gcc 1.2.1 38.80 OK
r-devel-windows-x86_64 1.2.1 3.00 51.00 54.00 OK
r-patched-linux-x86_64 1.2.1 3.57 29.02 32.59 OK
r-release-linux-x86_64 1.2.1 2.44 28.95 31.39 OK
r-release-macos-arm64 1.2.1 19.00 OK
r-release-macos-x86_64 1.2.1 43.00 OK
r-release-windows-x86_64 1.2.1 5.00 47.00 52.00 OK
r-oldrel-macos-arm64 1.2.1 22.00 OK
r-oldrel-macos-x86_64 1.2.1 27.00 OK
r-oldrel-windows-x86_64 1.2.1 5.00 54.00 59.00 OK

Check Details

Version: 1.2.1
Check: Rd files
Result: NOTE checkRd: (-1) fitConic.Rd:66-73: Lost braces 66 | \code{parA }{vector of the six "ABCDEF" coefficients | ^ checkRd: (-1) fitConic.Rd:67: Lost braces 67 | \code{RSS }{'root sum square' figure of merit describing the relative fit quality} | ^ checkRd: (-1) fitConic.Rd:68: Lost braces 68 | \code{iters }{number of iterations at convergence} | ^ checkRd: (-1) fitConic.Rd:69-71: Lost braces 69 | \code{exitCode }{1 means ellipse, 2 means hyperbola, 3 means parabola. | ^ checkRd: (-1) rotateA.Rd:59: Lost braces; missing escapes or markup? 59 | For \code{xyrot} {a Nx2 array of the x,y coordinates of the rotated data set. } | ^ Flavors: r-devel-linux-x86_64-debian-clang, r-devel-linux-x86_64-debian-gcc

Version: 1.2.1
Check: Rd cross-references
Result: NOTE Undeclared package ‘conicfit’ in Rd xrefs Flavor: r-devel-linux-x86_64-fedora-clang