CRAN Package Check Results for Package fitODBOD

Last updated on 2021-08-01 22:49:43 CEST.

Flavor Version Tinstall Tcheck Ttotal Status Flags
r-devel-linux-x86_64-debian-clang 1.4.1-1 10.63 160.30 170.93 OK
r-devel-linux-x86_64-debian-gcc 1.4.1-1 7.46 112.48 119.94 OK
r-devel-linux-x86_64-fedora-clang 1.4.1-1 203.77 NOTE
r-devel-linux-x86_64-fedora-gcc 1.4.1-1 187.55 OK
r-devel-windows-x86_64 1.4.1-1 10.00 212.00 222.00 OK
r-devel-windows-x86_64-gcc10-UCRT 1.4.1-1 OK
r-patched-linux-x86_64 1.4.1-1 OK
r-patched-solaris-x86 1.4.1-1 242.90 OK
r-release-linux-x86_64 1.4.1-1 7.83 152.81 160.64 OK
r-release-macos-arm64 1.4.1-1 OK
r-release-macos-x86_64 1.4.1-1 OK
r-release-windows-ix86+x86_64 1.4.1-1 18.00 222.00 240.00 OK
r-oldrel-macos-x86_64 1.4.1-1 OK
r-oldrel-windows-ix86+x86_64 1.4.1-1 13.00 230.00 243.00 OK

Check Details

Version: 1.4.1-1
Check: Rd cross-references
Result: NOTE
    Undeclared packages ‘BinaryEPPM’, ‘extraDistr’, ‘triangle’ in Rd xrefs
Flavor: r-devel-linux-x86_64-fedora-clang