Last updated on 2023-09-21 23:03:19 CEST.
Flavor | Version | Tinstall | Tcheck | Ttotal | Status | Flags |
---|---|---|---|---|---|---|
r-devel-linux-x86_64-debian-clang | 1.0.5 | 57.94 | 562.32 | 620.26 | NOTE | |
r-devel-linux-x86_64-debian-gcc | 1.0.5 | 42.77 | 397.00 | 439.77 | NOTE | |
r-devel-linux-x86_64-fedora-clang | 1.0.5 | 737.81 | NOTE | |||
r-devel-linux-x86_64-fedora-gcc | 1.0.5 | 733.56 | NOTE | |||
r-devel-windows-x86_64 | 1.0.5 | 44.00 | 350.00 | 394.00 | NOTE | |
r-patched-linux-x86_64 | 1.0.5 | 47.51 | 518.73 | 566.24 | OK | |
r-release-linux-x86_64 | 1.0.5 | 38.36 | 528.06 | 566.42 | OK | |
r-release-macos-arm64 | 1.0.5 | 139.00 | NOTE | |||
r-release-macos-x86_64 | 1.0.5 | 266.00 | NOTE | |||
r-release-windows-x86_64 | 1.0.5 | 60.00 | 462.00 | 522.00 | NOTE | |
r-oldrel-macos-arm64 | 1.0.5 | 129.00 | NOTE | |||
r-oldrel-macos-x86_64 | 1.0.5 | 170.00 | NOTE | |||
r-oldrel-windows-x86_64 | 1.0.5 | 65.00 | 448.00 | 513.00 | NOTE |
Version: 1.0.5
Check: Rd \usage sections
Result: NOTE
Documented arguments not in \usage in documentation object 'plot_data_type':
‘client_id’ ‘client_secret’ ‘refresh_token’
Functions with \usage entries need to have the appropriate \alias
entries, and all their arguments documented.
The \usage entries must correspond to syntactically valid R code.
See chapter ‘Writing R documentation files’ in the ‘Writing R
Extensions’ manual.
Flavors: r-devel-linux-x86_64-debian-clang, r-devel-linux-x86_64-debian-gcc, r-devel-linux-x86_64-fedora-clang, r-devel-linux-x86_64-fedora-gcc, r-devel-windows-x86_64
Version: 1.0.5
Check: package dependencies
Result: NOTE
Imports includes 25 non-default packages.
Importing from so many packages makes the package vulnerable to any of
them becoming unavailable. Move as many as possible to Suggests and
use conditionally.
Flavor: r-devel-linux-x86_64-fedora-clang
Version: 1.0.5
Check: installed package size
Result: NOTE
installed size is 6.0Mb
sub-directories of 1Mb or more:
doc 4.3Mb
Flavors: r-devel-linux-x86_64-fedora-clang, r-devel-windows-x86_64, r-release-macos-arm64, r-release-macos-x86_64, r-release-windows-x86_64, r-oldrel-macos-arm64, r-oldrel-macos-x86_64, r-oldrel-windows-x86_64