Last updated on 2024-04-18 22:52:41 CEST.
Flavor | Version | Tinstall | Tcheck | Ttotal | Status | Flags |
---|---|---|---|---|---|---|
r-devel-linux-x86_64-debian-clang | 0.1.0 | 9.02 | 62.23 | 71.25 | OK | |
r-devel-linux-x86_64-debian-gcc | 0.1.0 | 6.26 | 46.12 | 52.38 | OK | |
r-devel-linux-x86_64-fedora-clang | 0.1.0 | 88.30 | NOTE | |||
r-devel-linux-x86_64-fedora-gcc | 0.1.0 | 81.72 | OK | |||
r-prerel-macos-arm64 | 0.1.0 | 28.00 | OK | |||
r-prerel-windows-x86_64 | 0.1.0 | 9.00 | 65.00 | 74.00 | OK | |
r-patched-linux-x86_64 | 0.1.0 | 4.85 | 59.27 | 64.12 | OK | |
r-release-linux-x86_64 | 0.1.0 | 5.18 | 58.91 | 64.09 | OK | |
r-release-macos-arm64 | 0.1.0 | 29.00 | OK | |||
r-release-macos-x86_64 | 0.1.0 | 39.00 | OK | |||
r-release-windows-x86_64 | 0.1.0 | 10.00 | 72.00 | 82.00 | OK | |
r-oldrel-macos-arm64 | 0.1.0 | 24.00 | OK | |||
r-oldrel-windows-x86_64 | 0.1.0 | 10.00 | 77.00 | 87.00 | OK |
Version: 0.1.0
Check: Rd cross-references
Result: NOTE
Undeclared package ‘ks’ in Rd xrefs
Flavor: r-devel-linux-x86_64-fedora-clang