CRAN Package Check Results for Package fitteR

Last updated on 2020-02-22 22:47:46 CET.

Flavor Version Tinstall Tcheck Ttotal Status Flags
r-devel-linux-x86_64-debian-clang 0.1.0 5.80 66.39 72.19 NOTE
r-devel-linux-x86_64-debian-gcc 0.1.0 4.91 49.57 54.48 NOTE
r-devel-linux-x86_64-fedora-clang 0.1.0 78.61 NOTE
r-devel-linux-x86_64-fedora-gcc 0.1.0 78.21 NOTE
r-devel-windows-ix86+x86_64 0.1.0 12.00 65.00 77.00 OK
r-devel-windows-ix86+x86_64-gcc8 0.1.0 26.00 117.00 143.00 NOTE
r-patched-linux-x86_64 0.1.0 NOTE
r-patched-solaris-x86 0.1.0 111.40 NOTE
r-release-linux-x86_64 0.1.0 5.30 59.75 65.05 NOTE
r-release-windows-ix86+x86_64 0.1.0 13.00 64.00 77.00 OK
r-release-osx-x86_64 0.1.0 NOTE
r-oldrel-windows-ix86+x86_64 0.1.0 6.00 63.00 69.00 OK
r-oldrel-osx-x86_64 0.1.0 NOTE

Check Details

Version: 0.1.0
Check: package dependencies
Result: NOTE
    Package suggested but not available for checking: 'ExtDist'
Flavors: r-devel-linux-x86_64-debian-clang, r-devel-linux-x86_64-debian-gcc, r-devel-linux-x86_64-fedora-clang, r-devel-linux-x86_64-fedora-gcc, r-devel-windows-ix86+x86_64-gcc8, r-patched-linux-x86_64, r-patched-solaris-x86, r-release-linux-x86_64, r-release-osx-x86_64, r-oldrel-osx-x86_64