CRAN Package Check Results for Package fitteR

Last updated on 2021-05-08 22:48:27 CEST.

Flavor Version Tinstall Tcheck Ttotal Status Flags
r-devel-linux-x86_64-debian-clang 0.1.0 6.05 66.42 72.47 NOTE
r-devel-linux-x86_64-debian-gcc 0.1.0 4.95 49.73 54.68 NOTE
r-devel-linux-x86_64-fedora-clang 0.1.0 97.32 NOTE
r-devel-linux-x86_64-fedora-gcc 0.1.0 83.89 NOTE
r-devel-windows-ix86+x86_64 0.1.0 14.00 86.00 100.00 OK
r-devel-windows-x86_64-gcc10-UCRT 0.1.0 NOTE
r-patched-linux-x86_64 0.1.0 6.04 62.10 68.14 NOTE
r-patched-solaris-x86 0.1.0 125.80 NOTE
r-release-linux-x86_64 0.1.0 5.55 61.82 67.37 NOTE
r-release-macos-x86_64 0.1.0 NOTE
r-release-windows-ix86+x86_64 0.1.0 13.00 69.00 82.00 OK
r-oldrel-macos-x86_64 0.1.0 NOTE
r-oldrel-windows-ix86+x86_64 0.1.0 14.00 78.00 92.00 OK

Check Details

Version: 0.1.0
Check: package dependencies
Result: NOTE
    Package suggested but not available for checking: 'ihs'
Flavors: r-devel-linux-x86_64-debian-clang, r-devel-linux-x86_64-debian-gcc, r-devel-linux-x86_64-fedora-clang, r-devel-linux-x86_64-fedora-gcc, r-devel-windows-x86_64-gcc10-UCRT, r-patched-linux-x86_64, r-patched-solaris-x86, r-release-linux-x86_64

Version: 0.1.0
Check: package dependencies
Result: NOTE
    Package suggested but not available for checking: ‘ExtDist’
Flavors: r-release-macos-x86_64, r-oldrel-macos-x86_64