CRAN Package Check Results for Package fitteR

Last updated on 2019-09-20 22:50:01 CEST.

Flavor Version Tinstall Tcheck Ttotal Status Flags
r-devel-linux-x86_64-debian-clang 0.1.0 5.47 60.57 66.04 NOTE
r-devel-linux-x86_64-debian-gcc 0.1.0 4.65 45.79 50.44 NOTE
r-devel-linux-x86_64-fedora-clang 0.1.0 76.84 NOTE
r-devel-linux-x86_64-fedora-gcc 0.1.0 75.28 NOTE
r-devel-windows-ix86+x86_64 0.1.0 20.00 96.00 116.00 OK
r-patched-linux-x86_64 0.1.0 4.83 58.58 63.41 NOTE
r-patched-solaris-x86 0.1.0 109.20 NOTE
r-release-linux-x86_64 0.1.0 5.64 58.62 64.26 NOTE
r-release-windows-ix86+x86_64 0.1.0 9.00 63.00 72.00 OK
r-release-osx-x86_64 0.1.0 NOTE
r-oldrel-windows-ix86+x86_64 0.1.0 7.00 66.00 73.00 OK
r-oldrel-osx-x86_64 0.1.0 NOTE

Check Details

Version: 0.1.0
Check: package dependencies
Result: NOTE
    Package suggested but not available for checking: 'ExtDist'
Flavors: r-devel-linux-x86_64-debian-clang, r-devel-linux-x86_64-debian-gcc, r-devel-linux-x86_64-fedora-clang, r-devel-linux-x86_64-fedora-gcc, r-patched-linux-x86_64, r-patched-solaris-x86, r-release-linux-x86_64, r-release-osx-x86_64, r-oldrel-osx-x86_64