CRAN Package Check Results for Package fitur

Last updated on 2021-05-16 22:49:50 CEST.

Flavor Version Tinstall Tcheck Ttotal Status Flags
r-devel-linux-x86_64-debian-clang 0.6.1 9.69 114.36 124.05 NOTE
r-devel-linux-x86_64-debian-gcc 0.6.1 7.87 86.07 93.94 NOTE
r-devel-linux-x86_64-fedora-clang 0.6.1 158.83 NOTE
r-devel-linux-x86_64-fedora-gcc 0.6.1 147.13 NOTE
r-devel-windows-ix86+x86_64 0.6.1 28.00 134.00 162.00 NOTE
r-devel-windows-x86_64-gcc10-UCRT 0.6.1 NOTE
r-patched-linux-x86_64 0.6.1 10.39 107.39 117.78 NOTE
r-patched-solaris-x86 0.6.1 212.70 NOTE
r-release-linux-x86_64 0.6.1 8.99 105.20 114.19 OK
r-release-macos-x86_64 0.6.1 NOTE
r-release-windows-ix86+x86_64 0.6.1 18.00 109.00 127.00 OK
r-oldrel-macos-x86_64 0.6.1 NOTE
r-oldrel-windows-ix86+x86_64 0.6.1 15.00 133.00 148.00 OK

Check Details

Version: 0.6.1
Check: LazyData
Result: NOTE
     'LazyData' is specified without a 'data' directory
Flavors: r-devel-linux-x86_64-debian-clang, r-devel-linux-x86_64-debian-gcc, r-devel-linux-x86_64-fedora-clang, r-devel-linux-x86_64-fedora-gcc, r-devel-windows-ix86+x86_64, r-devel-windows-x86_64-gcc10-UCRT, r-patched-linux-x86_64, r-patched-solaris-x86

Version: 0.6.1
Check: dependencies in R code
Result: NOTE
    Namespace in Imports field not imported from: ‘rstudioapi’
     All declared Imports should be used.
Flavors: r-devel-linux-x86_64-fedora-clang, r-devel-linux-x86_64-fedora-gcc, r-devel-windows-x86_64-gcc10-UCRT, r-patched-solaris-x86, r-release-macos-x86_64, r-oldrel-macos-x86_64