CRAN Package Check Results for Package fitur

Last updated on 2024-02-24 21:40:20 CET.

Flavor Version Tinstall Tcheck Ttotal Status Flags
r-devel-linux-x86_64-debian-clang 0.6.2 7.58 90.78 98.36 OK
r-devel-linux-x86_64-debian-gcc 0.6.2 5.65 67.97 73.62 OK
r-devel-linux-x86_64-fedora-clang 0.6.2 120.38 NOTE
r-devel-linux-x86_64-fedora-gcc 0.6.2 125.42 NOTE
r-devel-windows-x86_64 0.6.2 7.00 93.00 100.00 OK
r-patched-linux-x86_64 0.6.2 4.61 86.62 91.23 OK
r-release-linux-x86_64 0.6.2 4.21 85.88 90.09 OK
r-release-macos-arm64 0.6.2 50.00 OK
r-release-macos-x86_64 0.6.2 70.00 OK
r-release-windows-x86_64 0.6.2 10.00 107.00 117.00 OK
r-oldrel-macos-arm64 0.6.2 37.00 NOTE
r-oldrel-windows-x86_64 0.6.2 10.00 114.00 124.00 OK

Check Details

Version: 0.6.2
Check: dependencies in R code
Result: NOTE Namespace in Imports field not imported from: ‘rstudioapi’ All declared Imports should be used. Flavors: r-devel-linux-x86_64-fedora-clang, r-devel-linux-x86_64-fedora-gcc, r-oldrel-macos-arm64