CRAN Package Check Results for Package fivethirtyeight

Last updated on 2020-01-17 22:50:52 CET.

Flavor Version Tinstall Tcheck Ttotal Status Flags
r-devel-linux-x86_64-debian-clang 0.5.0 7.34 59.59 66.93 OK
r-devel-linux-x86_64-debian-gcc 0.5.0 7.48 46.54 54.02 OK
r-devel-linux-x86_64-fedora-clang 0.5.0 80.40 NOTE
r-devel-linux-x86_64-fedora-gcc 0.5.0 78.56 NOTE
r-devel-windows-ix86+x86_64 0.5.0 25.00 90.00 115.00 OK
r-devel-windows-ix86+x86_64-gcc8 0.5.0 17.00 116.00 133.00 OK
r-patched-linux-x86_64 0.5.0 7.15 55.17 62.32 OK
r-patched-solaris-x86 0.5.0 107.20 NOTE
r-release-linux-x86_64 0.5.0 7.68 54.95 62.63 OK
r-release-windows-ix86+x86_64 0.5.0 23.00 127.00 150.00 OK
r-release-osx-x86_64 0.5.0 NOTE
r-oldrel-windows-ix86+x86_64 0.5.0 18.00 80.00 98.00 OK
r-oldrel-osx-x86_64 0.5.0 NOTE

Check Details

Version: 0.5.0
Check: data for non-ASCII characters
Result: NOTE
     Note: found 489 marked UTF-8 strings
Flavors: r-devel-linux-x86_64-fedora-clang, r-devel-linux-x86_64-fedora-gcc, r-patched-solaris-x86, r-release-osx-x86_64, r-oldrel-osx-x86_64

Version: 0.5.0
Check: installed package size
Result: NOTE
     installed size is 5.3Mb
     sub-directories of 1Mb or more:
     data 4.0Mb
Flavor: r-patched-solaris-x86