CRAN Package Check Results for Package fivethirtyeight

Last updated on 2019-08-23 22:49:58 CEST.

Flavor Version Tinstall Tcheck Ttotal Status Flags
r-devel-linux-x86_64-debian-clang 0.5.0 7.55 56.05 63.60 OK
r-devel-linux-x86_64-debian-gcc 0.5.0 OK
r-devel-linux-x86_64-fedora-clang 0.5.0 78.44 NOTE
r-devel-linux-x86_64-fedora-gcc 0.5.0 76.16 NOTE
r-devel-windows-ix86+x86_64 0.5.0 15.00 90.00 105.00 OK
r-patched-linux-x86_64 0.5.0 7.49 55.16 62.65 OK
r-patched-solaris-x86 0.5.0 101.30 NOTE
r-release-linux-x86_64 0.5.0 6.59 55.10 61.69 OK
r-release-windows-ix86+x86_64 0.5.0 16.00 107.00 123.00 OK
r-release-osx-x86_64 0.5.0 NOTE
r-oldrel-windows-ix86+x86_64 0.5.0 19.00 100.00 119.00 OK
r-oldrel-osx-x86_64 0.5.0 NOTE

Check Details

Version: 0.5.0
Check: data for non-ASCII characters
Result: NOTE
     Note: found 489 marked UTF-8 strings
Flavors: r-devel-linux-x86_64-fedora-clang, r-devel-linux-x86_64-fedora-gcc, r-patched-solaris-x86, r-release-osx-x86_64, r-oldrel-osx-x86_64

Version: 0.5.0
Check: installed package size
Result: NOTE
     installed size is 5.3Mb
     sub-directories of 1Mb or more:
     data 4.0Mb
Flavor: r-patched-solaris-x86