CRAN Package Check Results for Package fixtuRes

Last updated on 2024-03-01 22:53:37 CET.

Flavor Version Tinstall Tcheck Ttotal Status Flags
r-devel-linux-x86_64-debian-clang 0.1.3 7.31 58.31 65.62 NOTE
r-devel-linux-x86_64-debian-gcc 0.1.3 6.26 44.20 50.46 NOTE
r-devel-linux-x86_64-fedora-clang 0.1.3 85.23 NOTE
r-devel-linux-x86_64-fedora-gcc 0.1.3 91.94 NOTE
r-devel-windows-x86_64 0.1.3 8.00 65.00 73.00 OK
r-patched-linux-x86_64 0.1.3 7.75 56.57 64.32 OK
r-release-linux-x86_64 0.1.3 6.97 57.21 64.18 OK
r-release-macos-arm64 0.1.3 34.00 OK
r-release-macos-x86_64 0.1.3 51.00 OK
r-release-windows-x86_64 0.1.3 10.00 75.00 85.00 OK
r-oldrel-macos-arm64 0.1.3 27.00 OK
r-oldrel-windows-x86_64 0.1.3 10.00 74.00 84.00 OK

Check Details

Version: 0.1.3
Check: Rd files
Result: NOTE checkRd: (-1) distribution_vector.Rd:14: Lost braces; missing escapes or markup? 14 | All standard distributions from {stats} package are covered. For a list | ^ Flavors: r-devel-linux-x86_64-debian-clang, r-devel-linux-x86_64-debian-gcc, r-devel-linux-x86_64-fedora-clang, r-devel-linux-x86_64-fedora-gcc