Last updated on 2024-04-23 22:55:22 CEST.
Flavor | Version | Tinstall | Tcheck | Ttotal | Status | Flags |
---|---|---|---|---|---|---|
r-devel-linux-x86_64-debian-clang | 3.2 | 25.96 | 59.83 | 85.79 | NOTE | |
r-devel-linux-x86_64-debian-gcc | 3.2 | 18.55 | 42.35 | 60.90 | NOTE | |
r-devel-linux-x86_64-fedora-clang | 3.2 | 110.41 | NOTE | |||
r-devel-linux-x86_64-fedora-gcc | 3.2 | 107.34 | NOTE | |||
r-prerel-macos-arm64 | 3.2 | 30.00 | NOTE | |||
r-prerel-windows-x86_64 | 3.2 | 20.00 | 75.00 | 95.00 | NOTE | |
r-patched-linux-x86_64 | 3.2 | 23.67 | 56.50 | 80.17 | NOTE | |
r-release-linux-x86_64 | 3.2 | 23.21 | 57.59 | 80.80 | OK | |
r-release-macos-arm64 | 3.2 | 32.00 | OK | |||
r-release-macos-x86_64 | 3.2 | 52.00 | OK | |||
r-release-windows-x86_64 | 3.2 | 19.00 | 91.00 | 110.00 | OK | |
r-oldrel-macos-arm64 | 3.2 | 31.00 | OK | |||
r-oldrel-windows-x86_64 | 3.2 | 25.00 | 88.00 | 113.00 | OK |
Version: 3.2
Check: Rd files
Result: NOTE
checkRd: (-1) summary.flamcv.rd:8: Lost braces
8 | This function summarizes a call to code{\link{flamCV}} and identifies the tuning parameter chosen by cross-validation.
| ^
Flavors: r-devel-linux-x86_64-debian-clang, r-devel-linux-x86_64-debian-gcc, r-devel-linux-x86_64-fedora-clang, r-devel-linux-x86_64-fedora-gcc, r-prerel-macos-arm64, r-prerel-windows-x86_64, r-patched-linux-x86_64