Last updated on 2024-04-23 22:55:22 CEST.
Flavor | Version | Tinstall | Tcheck | Ttotal | Status | Flags |
---|---|---|---|---|---|---|
r-devel-linux-x86_64-debian-clang | 0.1.0 | 68.05 | 192.18 | 260.23 | NOTE | |
r-devel-linux-x86_64-debian-gcc | 0.1.0 | 53.71 | 133.38 | 187.09 | NOTE | |
r-devel-linux-x86_64-fedora-clang | 0.1.0 | 331.64 | NOTE | |||
r-devel-linux-x86_64-fedora-gcc | 0.1.0 | 341.17 | NOTE | |||
r-prerel-macos-arm64 | 0.1.0 | 77.00 | NOTE | |||
r-prerel-windows-x86_64 | 0.1.0 | 55.00 | 176.00 | 231.00 | NOTE | |
r-patched-linux-x86_64 | 0.1.0 | 62.93 | 173.74 | 236.67 | NOTE | |
r-release-linux-x86_64 | 0.1.0 | 68.80 | 177.10 | 245.90 | NOTE | |
r-release-macos-arm64 | 0.1.0 | 85.00 | NOTE | |||
r-release-macos-x86_64 | 0.1.0 | 176.00 | NOTE | |||
r-release-windows-x86_64 | 0.1.0 | 69.00 | 214.00 | 283.00 | NOTE | |
r-oldrel-macos-arm64 | 0.1.0 | 74.00 | NOTE | |||
r-oldrel-windows-x86_64 | 0.1.0 | 70.00 | 211.00 | 281.00 | NOTE |
Version: 0.1.0
Check: C++ specification
Result: NOTE
Specified C++11: please drop specification unless essential
Flavors: r-devel-linux-x86_64-debian-clang, r-devel-linux-x86_64-debian-gcc, r-devel-linux-x86_64-fedora-clang, r-devel-linux-x86_64-fedora-gcc, r-prerel-macos-arm64, r-prerel-windows-x86_64, r-patched-linux-x86_64, r-release-linux-x86_64, r-release-macos-arm64, r-release-macos-x86_64, r-release-windows-x86_64
Version: 0.1.0
Check: Rd files
Result: NOTE
checkRd: (-1) ModelMixHMM-class.Rd:31: Lost braces; missing escapes or markup?
31 | \code{smoothed} of class {StatMixHMM}).
| ^
checkRd: (-1) ModelMixHMMR-class.Rd:31: Lost braces; missing escapes or markup?
31 | \code{smoothed} of class {StatMixHMMR}).
| ^
Flavors: r-devel-linux-x86_64-debian-clang, r-devel-linux-x86_64-debian-gcc, r-devel-linux-x86_64-fedora-clang, r-devel-linux-x86_64-fedora-gcc, r-prerel-macos-arm64, r-prerel-windows-x86_64, r-patched-linux-x86_64
Version: 0.1.0
Check: installed package size
Result: NOTE
installed size is 7.8Mb
sub-directories of 1Mb or more:
doc 1.9Mb
help 2.3Mb
libs 3.2Mb
Flavors: r-prerel-macos-arm64, r-prerel-windows-x86_64, r-release-macos-arm64, r-release-macos-x86_64, r-release-windows-x86_64, r-oldrel-macos-arm64, r-oldrel-windows-x86_64