Last updated on 2024-03-27 22:57:45 CET.
Flavor | Version | Tinstall | Tcheck | Ttotal | Status | Flags |
---|---|---|---|---|---|---|
r-devel-linux-x86_64-debian-clang | 0.9 | 103.03 | 73.53 | 176.56 | OK | |
r-devel-linux-x86_64-debian-gcc | 0.9 | 81.73 | 55.29 | 137.02 | OK | |
r-devel-linux-x86_64-fedora-clang | 0.9 | 237.58 | OK | |||
r-devel-linux-x86_64-fedora-gcc | 0.9 | 256.11 | OK | |||
r-devel-windows-x86_64 | 0.9 | 74.00 | 93.00 | 167.00 | OK | |
r-patched-linux-x86_64 | 0.9 | 107.97 | 70.40 | 178.37 | OK | |
r-release-linux-x86_64 | 0.9 | 103.30 | 71.14 | 174.44 | OK | |
r-release-macos-arm64 | 0.9 | 63.00 | NOTE | |||
r-release-macos-x86_64 | 0.9 | 110.00 | NOTE | |||
r-release-windows-x86_64 | 0.9 | 94.00 | 111.00 | 205.00 | OK | |
r-oldrel-macos-arm64 | 0.9 | 58.00 | NOTE | |||
r-oldrel-windows-x86_64 | 0.9 | 91.00 | 109.00 | 200.00 | OK |
Version: 0.9
Check: installed package size
Result: NOTE
installed size is 7.8Mb
sub-directories of 1Mb or more:
libs 7.6Mb
Flavors: r-release-macos-arm64, r-release-macos-x86_64, r-oldrel-macos-arm64