CRAN Package Check Results for Package flan

Last updated on 2021-07-30 22:57:26 CEST.

Flavor Version Tinstall Tcheck Ttotal Status Flags
r-devel-linux-x86_64-debian-clang 0.9 OK
r-devel-linux-x86_64-debian-gcc 0.9 69.73 51.09 120.82 OK
r-devel-linux-x86_64-fedora-clang 0.9 226.76 NOTE
r-devel-linux-x86_64-fedora-gcc 0.9 209.04 OK
r-devel-windows-x86_64 0.9 86.00 95.00 181.00 OK
r-devel-windows-x86_64-gcc10-UCRT 0.9 OK
r-patched-linux-x86_64 0.9 OK
r-patched-solaris-x86 0.9 217.50 OK
r-release-linux-x86_64 0.9 82.30 65.78 148.08 OK
r-release-macos-arm64 0.9 NOTE
r-release-macos-x86_64 0.9 NOTE
r-release-windows-ix86+x86_64 0.9 223.00 97.00 320.00 OK
r-oldrel-macos-x86_64 0.9 NOTE
r-oldrel-windows-ix86+x86_64 0.9 160.00 140.00 300.00 OK

Check Details

Version: 0.9
Check: installed package size
Result: NOTE
     installed size is 6.1Mb
     sub-directories of 1Mb or more:
     libs 5.9Mb
Flavors: r-devel-linux-x86_64-fedora-clang, r-release-macos-arm64, r-release-macos-x86_64, r-oldrel-macos-x86_64