CRAN Package Check Results for Package flashClust

Last updated on 2021-06-17 22:54:53 CEST.

Flavor Version Tinstall Tcheck Ttotal Status Flags
r-devel-linux-x86_64-debian-clang 1.01-2 2.44 21.41 23.85 NOTE
r-devel-linux-x86_64-debian-gcc 1.01-2 1.99 17.15 19.14 NOTE
r-devel-linux-x86_64-fedora-clang 1.01-2 38.65 NOTE
r-devel-linux-x86_64-fedora-gcc 1.01-2 27.49 NOTE
r-devel-windows-x86_64 1.01-2 5.00 33.00 38.00 NOTE
r-devel-windows-x86_64-gcc10-UCRT 1.01-2 NOTE
r-patched-linux-x86_64 1.01-2 2.35 21.19 23.54 NOTE
r-patched-solaris-x86 1.01-2 43.90 NOTE
r-release-linux-x86_64 1.01-2 2.19 20.52 22.71 NOTE
r-release-macos-arm64 1.01-2 NOTE
r-release-macos-x86_64 1.01-2 NOTE
r-release-windows-ix86+x86_64 1.01-2 7.00 32.00 39.00 NOTE
r-oldrel-macos-x86_64 1.01-2 NOTE
r-oldrel-windows-ix86+x86_64 1.01-2 6.00 31.00 37.00 NOTE

Check Details

Version: 1.01-2
Check: DESCRIPTION meta-information
Result: NOTE
    Malformed Description field: should contain one or more complete sentences.
Flavors: r-devel-linux-x86_64-debian-clang, r-devel-linux-x86_64-debian-gcc, r-devel-linux-x86_64-fedora-clang, r-devel-linux-x86_64-fedora-gcc, r-devel-windows-x86_64, r-devel-windows-x86_64-gcc10-UCRT, r-patched-linux-x86_64, r-patched-solaris-x86, r-release-linux-x86_64, r-release-macos-arm64, r-release-macos-x86_64, r-release-windows-ix86+x86_64, r-oldrel-macos-x86_64, r-oldrel-windows-ix86+x86_64

Version: 1.01-2
Check: compiled code
Result: NOTE
    File ‘flashClust/libs/flashClust.so’:
     Found no calls to: ‘R_registerRoutines’, ‘R_useDynamicSymbols’
    
    It is good practice to register native routines and to disable symbol
    search.
    
    See ‘Writing portable packages’ in the ‘Writing R Extensions’ manual.
Flavors: r-devel-linux-x86_64-fedora-clang, r-devel-linux-x86_64-fedora-gcc