CRAN Package Check Results for Package flexCWM

Last updated on 2021-06-19 22:56:28 CEST.

Flavor Version Tinstall Tcheck Ttotal Status Flags
r-devel-linux-x86_64-debian-clang 1.92 15.70 121.75 137.45 OK
r-devel-linux-x86_64-debian-gcc 1.92 10.93 90.47 101.40 OK
r-devel-linux-x86_64-fedora-clang 1.92 170.71 NOTE
r-devel-linux-x86_64-fedora-gcc 1.92 153.84 OK
r-devel-windows-x86_64 1.92 22.00 103.00 125.00 OK
r-devel-windows-x86_64-gcc10-UCRT 1.92 OK
r-patched-linux-x86_64 1.92 14.68 113.32 128.00 OK
r-patched-solaris-x86 1.92 218.70 OK
r-release-linux-x86_64 1.92 13.70 113.31 127.01 OK
r-release-macos-arm64 1.92 OK
r-release-macos-x86_64 1.92 OK
r-release-windows-ix86+x86_64 1.92 34.00 142.00 176.00 OK
r-oldrel-macos-x86_64 1.92 OK
r-oldrel-windows-ix86+x86_64 1.92 25.00 141.00 166.00 OK

Check Details

Version: 1.92
Check: Rd cross-references
Result: NOTE
    Undeclared package ‘mixture’ in Rd xrefs
Flavor: r-devel-linux-x86_64-fedora-clang