CRAN Package Check Results for Package flexsurvcure

Last updated on 2024-07-23 22:49:39 CEST.

Flavor Version Tinstall Tcheck Ttotal Status Flags
r-devel-linux-x86_64-debian-clang 1.3.1 12.75 130.33 143.08 OK
r-devel-linux-x86_64-debian-gcc 1.3.1 8.65 94.06 102.71 NOTE
r-devel-linux-x86_64-fedora-clang 1.3.1 180.29 OK
r-devel-linux-x86_64-fedora-gcc 1.3.1 176.38 OK
r-devel-windows-x86_64 1.3.1 13.00 110.00 123.00 NOTE
r-patched-linux-x86_64 1.3.1 16.06 121.48 137.54 OK
r-release-linux-x86_64 1.3.1 7.81 120.40 128.21 OK
r-release-macos-arm64 1.3.1 53.00 OK
r-release-macos-x86_64 1.3.1 153.00 OK
r-release-windows-x86_64 1.3.1 10.00 110.00 120.00 OK
r-oldrel-macos-arm64 1.3.1 58.00 OK
r-oldrel-macos-x86_64 1.3.1 92.00 OK
r-oldrel-windows-x86_64 1.3.1 15.00 129.00 144.00 OK

Check Details

Version: 1.3.1
Check: Rd cross-references
Result: NOTE Found the following Rd file(s) with Rd \link{} targets missing package anchors: flexsurvcure.Rd: Surv, flexsurvreg, survreg Please provide package anchors for all Rd \link{} targets not in the package itself and the base packages. Flavors: r-devel-linux-x86_64-debian-gcc, r-devel-windows-x86_64