Last updated on 2025-01-17 22:50:15 CET.
Flavor | Version | Tinstall | Tcheck | Ttotal | Status | Flags |
---|---|---|---|---|---|---|
r-devel-linux-x86_64-debian-clang | 0.2.0 | 6.56 | 78.41 | 84.97 | NOTE | |
r-devel-linux-x86_64-debian-gcc | 0.2.0 | 3.94 | 58.20 | 62.14 | NOTE | |
r-devel-linux-x86_64-fedora-clang | 0.2.0 | 138.07 | NOTE | |||
r-devel-linux-x86_64-fedora-gcc | 0.2.0 | 146.56 | NOTE | |||
r-devel-windows-x86_64 | 0.2.0 | 9.00 | 107.00 | 116.00 | NOTE | |
r-patched-linux-x86_64 | 0.2.0 | 6.66 | 74.06 | 80.72 | NOTE | |
r-release-linux-x86_64 | 0.2.0 | 5.72 | 76.17 | 81.89 | NOTE | |
r-release-macos-arm64 | 0.2.0 | 52.00 | NOTE | |||
r-release-macos-x86_64 | 0.2.0 | 141.00 | NOTE | |||
r-release-windows-x86_64 | 0.2.0 | 8.00 | 106.00 | 114.00 | NOTE | |
r-oldrel-macos-arm64 | 0.2.0 | 57.00 | OK | |||
r-oldrel-macos-x86_64 | 0.2.0 | 106.00 | OK | |||
r-oldrel-windows-x86_64 | 0.2.0 | 9.00 | 117.00 | 126.00 | OK |
Version: 0.2.0
Check: Rd files
Result: NOTE
checkRd: (-1) flow_embed.Rd:30: Lost braces; missing escapes or markup?
30 | \item Don't forget to add {flow} to Suggests in your DESCRIPTION file.
| ^
Flavors: r-devel-linux-x86_64-debian-clang, r-devel-linux-x86_64-debian-gcc, r-devel-linux-x86_64-fedora-clang, r-devel-linux-x86_64-fedora-gcc, r-devel-windows-x86_64, r-patched-linux-x86_64, r-release-linux-x86_64, r-release-macos-arm64, r-release-macos-x86_64, r-release-windows-x86_64