CRAN Package Check Results for Package fmcmc

Last updated on 2021-10-28 01:48:48 CEST.

Flavor Version Tinstall Tcheck Ttotal Status Flags
r-devel-linux-x86_64-debian-clang 0.5-0 5.67 116.30 121.97 OK
r-devel-linux-x86_64-debian-gcc 0.5-0 3.66 84.84 88.50 OK
r-devel-linux-x86_64-fedora-clang 0.5-0 152.03 OK
r-devel-linux-x86_64-fedora-gcc 0.5-0 142.95 OK
r-devel-windows-x86_64 0.5-0 8.00 181.00 189.00 OK
r-devel-windows-x86_64-gcc10-UCRT 0.5-0 OK
r-patched-linux-x86_64 0.5-0 6.05 110.75 116.80 OK
r-patched-solaris-x86 0.5-0 234.70 OK
r-release-linux-x86_64 0.5-0 4.88 109.91 114.79 OK
r-release-macos-arm64 0.5-0 OK
r-release-macos-x86_64 0.5-0 OK
r-release-windows-ix86+x86_64 0.5-0 7.00 173.00 180.00 OK
r-oldrel-macos-x86_64 0.5-0 ERROR
r-oldrel-windows-ix86+x86_64 0.5-0 7.00 150.00 157.00 ERROR

Check Details

Version: 0.5-0
Check: R code for possible problems
Result: NOTE
    MCMC_init: no visible global function definition for ‘...names’
    Undefined global functions or variables:
     ...names
Flavors: r-oldrel-macos-x86_64, r-oldrel-windows-ix86+x86_64

Version: 0.5-0
Check: tests
Result: ERROR
     Running ‘tinytest.R’ [13s/13s]
    Running the tests in ‘tests/tinytest.R’ failed.
    Last 13 lines of output:
     test-mcmc.R................... 4 tests <1b>[0;32mOK<1b>[0m
     test-mcmc.R................... 4 tests <1b>[0;32mOK<1b>[0m
     test-mcmc.R................... 4 tests <1b>[0;32mOK<1b>[0m
     test-mcmc.R................... 5 tests <1b>[0;32mOK<1b>[0m
     test-mcmc.R................... 5 tests <1b>[0;32mOK<1b>[0m
     test-mcmc.R................... 5 tests <1b>[0;32mOK<1b>[0m
     test-mcmc.R................... 5 tests <1b>[0;32mOK<1b>[0m
     test-mcmc.R................... 5 tests <1b>[0;32mOK<1b>[0m
     test-mcmc.R................... 5 tests <1b>[0;32mOK<1b>[0m
     test-mcmc.R................... 6 tests <1b>[0;32mOK<1b>[0m
     test-mcmc.R................... 6 tests <1b>[0;32mOK<1b>[0m
     test-mcmc.R................... 6 tests <1b>[0;32mOK<1b>[0m
     test-mcmc.R................... 6 tests <1b>[0;32mOK<1b>[0m Error in ...names() : could not find function "...names"
     Calls: <Anonymous> -> run_test_dir -> lapply -> FUN -> eval -> eval
     Execution halted
Flavor: r-oldrel-macos-x86_64

Version: 0.5-0
Check: re-building of vignette outputs
Result: WARN
    Error(s) in re-building vignettes:
     ...
    --- re-building ‘advanced-features.Rmd’ using rmarkdown
    Pandoc is required to build R Markdown vignettes but not available. Please make sure it is installed.
    Quitting from lines 111-125 (advanced-features.Rmd)
    Error: processing vignette 'advanced-features.Rmd' failed with diagnostics:
    could not find function "...names"
    --- failed re-building ‘advanced-features.Rmd’
    
    --- re-building ‘user-defined-kernels.Rmd’ using rmarkdown
    Pandoc is required to build R Markdown vignettes but not available. Please make sure it is installed.
    Quitting from lines 101-109 (user-defined-kernels.Rmd)
    Error: processing vignette 'user-defined-kernels.Rmd' failed with diagnostics:
    could not find function "...names"
    --- failed re-building ‘user-defined-kernels.Rmd’
    
    --- re-building ‘workflow-with-fmcmc.Rmd’ using rmarkdown
    Pandoc is required to build R Markdown vignettes but not available. Please make sure it is installed.
    --- finished re-building ‘workflow-with-fmcmc.Rmd’
    
    SUMMARY: processing the following files failed:
     ‘advanced-features.Rmd’ ‘user-defined-kernels.Rmd’
    
    Error: Vignette re-building failed.
    Execution halted
Flavor: r-oldrel-macos-x86_64

Version: 0.5-0
Check: tests
Result: ERROR
     Running 'tinytest.R' [41s]
    Running the tests in 'tests/tinytest.R' failed.
    Complete output:
     >
     > if ( requireNamespace("tinytest", quietly=TRUE) ){
     +
     + expect_lt <- function(a,b) {
     +
     + tinytest::tinytest(
     + result = a < b,
     + call = sys.call(sys.parent(1)),
     + diff = paste("b - a = ", b - a)
     + )
     +
     + }
     +
     + expect_output <- function(x, pattern) {
     +
     + ans <- paste(capture.output(eval(x)), collapse = "\n")
     + test <- grepl(pattern, ans)
     +
     + tinytest::tinytest(
     + result = test,
     + call = sys.call(sys.parent(1)),
     + diff = paste("Expected:", pattern, ". Returned:", ans)
     + )
     + }
     +
     + tinytest::test_package("fmcmc")
     + }
    
     test-append_chains.R.......... 0 tests
     test-append_chains.R.......... 0 tests
     test-append_chains.R.......... 0 tests
     test-append_chains.R.......... 0 tests
     test-append_chains.R.......... 0 tests
     test-append_chains.R.......... 0 tests
     test-append_chains.R.......... 0 tests
     test-append_chains.R.......... 1 tests <1b>[0;32mOK<1b>[0m
     test-append_chains.R.......... 1 tests <1b>[0;32mOK<1b>[0m
     test-append_chains.R.......... 1 tests <1b>[0;32mOK<1b>[0m
     test-append_chains.R.......... 1 tests <1b>[0;32mOK<1b>[0m
     test-append_chains.R.......... 2 tests <1b>[0;32mOK<1b>[0m
     test-append_chains.R.......... 2 tests <1b>[0;32mOK<1b>[0m
     test-append_chains.R.......... 2 tests <1b>[0;32mOK<1b>[0m
     test-append_chains.R.......... 2 tests <1b>[0;32mOK<1b>[0m
     test-append_chains.R.......... 3 tests <1b>[0;32mOK<1b>[0m
     test-append_chains.R.......... 3 tests <1b>[0;32mOK<1b>[0m
     test-append_chains.R.......... 3 tests <1b>[0;32mOK<1b>[0m
     test-append_chains.R.......... 3 tests <1b>[0;32mOK<1b>[0m
     test-append_chains.R.......... 3 tests <1b>[0;32mOK<1b>[0m
     test-append_chains.R.......... 4 tests <1b>[0;32mOK<1b>[0m
     test-append_chains.R.......... 5 tests <1b>[0;32mOK<1b>[0m
     test-append_chains.R.......... 5 tests <1b>[0;32mOK<1b>[0m
     test-append_chains.R.......... 5 tests <1b>[0;32mOK<1b>[0m
     test-append_chains.R.......... 6 tests <1b>[0;32mOK<1b>[0m
     test-append_chains.R.......... 7 tests <1b>[0;32mOK<1b>[0m
     test-append_chains.R.......... 7 tests <1b>[0;32mOK<1b>[0m
     test-append_chains.R.......... 7 tests <1b>[0;32mOK<1b>[0m
     test-append_chains.R.......... 8 tests <1b>[0;32mOK<1b>[0m <1b>[0;34m3.5s<1b>[0m
    
     test-checks.R................. 0 tests
     test-checks.R................. 0 tests
     test-checks.R................. 0 tests
     test-checks.R................. 1 tests <1b>[0;31m1 fails<1b>[0m
     test-checks.R................. 2 tests <1b>[0;31m1 fails<1b>[0m
     test-checks.R................. 3 tests <1b>[0;31m2 fails<1b>[0m
     test-checks.R................. 3 tests <1b>[0;31m2 fails<1b>[0m
     test-checks.R................. 4 tests <1b>[0;31m2 fails<1b>[0m
     test-checks.R................. 5 tests <1b>[0;31m2 fails<1b>[0m
     test-checks.R................. 5 tests <1b>[0;31m2 fails<1b>[0m
     test-checks.R................. 6 tests <1b>[0;31m2 fails<1b>[0m
     test-checks.R................. 7 tests <1b>[0;31m2 fails<1b>[0m <1b>[0;36m0ms<1b>[0m
    
     test-convergence.R............ 0 tests
     test-convergence.R............ 0 tests
     test-convergence.R............ 0 tests
     test-convergence.R............ 0 tests
     test-convergence.R............ 0 tests
     test-convergence.R............ 0 tests
     test-convergence.R............ 0 tests
     test-convergence.R............ 1 tests <1b>[0;32mOK<1b>[0m
     test-convergence.R............ 1 tests <1b>[0;32mOK<1b>[0m
     test-convergence.R............ 1 tests <1b>[0;32mOK<1b>[0m
     test-convergence.R............ 1 tests <1b>[0;32mOK<1b>[0m
     test-convergence.R............ 2 tests <1b>[0;32mOK<1b>[0m
     test-convergence.R............ 3 tests <1b>[0;32mOK<1b>[0m
     test-convergence.R............ 3 tests <1b>[0;32mOK<1b>[0m
     test-convergence.R............ 3 tests <1b>[0;32mOK<1b>[0m
     test-convergence.R............ 3 tests <1b>[0;32mOK<1b>[0m
     test-convergence.R............ 3 tests <1b>[0;32mOK<1b>[0m
     test-convergence.R............ 4 tests <1b>[0;32mOK<1b>[0m
     test-convergence.R............ 5 tests <1b>[0;32mOK<1b>[0m
     test-convergence.R............ 5 tests <1b>[0;32mOK<1b>[0m
     test-convergence.R............ 5 tests <1b>[0;32mOK<1b>[0m
     test-convergence.R............ 5 tests <1b>[0;32mOK<1b>[0m
     test-convergence.R............ 6 tests <1b>[0;32mOK<1b>[0m
     test-convergence.R............ 7 tests <1b>[0;32mOK<1b>[0m
     test-convergence.R............ 8 tests <1b>[0;32mOK<1b>[0m
     test-convergence.R............ 8 tests <1b>[0;32mOK<1b>[0m
     test-convergence.R............ 9 tests <1b>[0;32mOK<1b>[0m
     test-convergence.R............ 9 tests <1b>[0;32mOK<1b>[0m
     test-convergence.R............ 10 tests <1b>[0;32mOK<1b>[0m
     test-convergence.R............ 10 tests <1b>[0;32mOK<1b>[0m
     test-convergence.R............ 11 tests <1b>[0;32mOK<1b>[0m
     test-convergence.R............ 11 tests <1b>[0;32mOK<1b>[0m
     test-convergence.R............ 12 tests <1b>[0;32mOK<1b>[0m <1b>[0;34m6.1s<1b>[0m
    
     test-kernel_adapt.R........... 0 tests
     test-kernel_adapt.R........... 0 tests
     test-kernel_adapt.R........... 0 tests
     test-kernel_adapt.R........... 0 tests
     test-kernel_adapt.R........... 0 tests
     test-kernel_adapt.R........... 0 tests
     test-kernel_adapt.R........... 0 tests
     test-kernel_adapt.R........... 0 tests
     test-kernel_adapt.R........... 0 tests
     test-kernel_adapt.R........... 0 tests
     test-kernel_adapt.R........... 0 tests
     test-kernel_adapt.R........... 1 tests <1b>[0;32mOK<1b>[0m
     test-kernel_adapt.R........... 2 tests <1b>[0;32mOK<1b>[0m
     test-kernel_adapt.R........... 2 tests <1b>[0;32mOK<1b>[0m
     test-kernel_adapt.R........... 2 tests <1b>[0;32mOK<1b>[0m
     test-kernel_adapt.R........... 2 tests <1b>[0;32mOK<1b>[0m
     test-kernel_adapt.R........... 2 tests <1b>[0;32mOK<1b>[0m
     test-kernel_adapt.R........... 2 tests <1b>[0;32mOK<1b>[0m
     test-kernel_adapt.R........... 2 tests <1b>[0;32mOK<1b>[0m
     test-kernel_adapt.R........... 3 tests <1b>[0;32mOK<1b>[0m
     test-kernel_adapt.R........... 3 tests <1b>[0;32mOK<1b>[0m
     test-kernel_adapt.R........... 3 tests <1b>[0;32mOK<1b>[0m
     test-kernel_adapt.R........... 4 tests <1b>[0;32mOK<1b>[0m <1b>[0;34m12.6s<1b>[0m
    
     test-kernel_mirror.R.......... 0 tests
     test-kernel_mirror.R.......... 0 tests
     test-kernel_mirror.R.......... 0 tests
     test-kernel_mirror.R.......... 0 tests
     test-kernel_mirror.R.......... 0 tests
     test-kernel_mirror.R.......... 0 tests
     test-kernel_mirror.R.......... 0 tests
     test-kernel_mirror.R.......... 0 tests
     test-kernel_mirror.R.......... 0 tests
     test-kernel_mirror.R.......... 0 tests
     test-kernel_mirror.R.......... 0 tests
     test-kernel_mirror.R.......... 0 tests
     test-kernel_mirror.R.......... 0 tests
     test-kernel_mirror.R.......... 0 tests
     test-kernel_mirror.R.......... 1 tests <1b>[0;32mOK<1b>[0m
     test-kernel_mirror.R.......... 2 tests <1b>[0;32mOK<1b>[0m
     test-kernel_mirror.R.......... 3 tests <1b>[0;32mOK<1b>[0m
     test-kernel_mirror.R.......... 3 tests <1b>[0;32mOK<1b>[0m
     test-kernel_mirror.R.......... 3 tests <1b>[0;32mOK<1b>[0m <1b>[0;34m5.8s<1b>[0m
    
     test-kernel_normal.R.......... 0 tests
     test-kernel_normal.R.......... 0 tests
     test-kernel_normal.R.......... 0 tests
     test-kernel_normal.R.......... 0 tests
     test-kernel_normal.R.......... 0 tests
     test-kernel_normal.R.......... 0 tests
     test-kernel_normal.R.......... 0 tests
     test-kernel_normal.R.......... 1 tests <1b>[0;32mOK<1b>[0m
     test-kernel_normal.R.......... 2 tests <1b>[0;32mOK<1b>[0m
     test-kernel_normal.R.......... 2 tests <1b>[0;32mOK<1b>[0m
     test-kernel_normal.R.......... 2 tests <1b>[0;32mOK<1b>[0m
     test-kernel_normal.R.......... 2 tests <1b>[0;32mOK<1b>[0m
     test-kernel_normal.R.......... 2 tests <1b>[0;32mOK<1b>[0m
     test-kernel_normal.R.......... 2 tests <1b>[0;32mOK<1b>[0m
     test-kernel_normal.R.......... 2 tests <1b>[0;32mOK<1b>[0m
     test-kernel_normal.R.......... 2 tests <1b>[0;32mOK<1b>[0m
     test-kernel_normal.R.......... 3 tests <1b>[0;32mOK<1b>[0m
     test-kernel_normal.R.......... 3 tests <1b>[0;32mOK<1b>[0m
     test-kernel_normal.R.......... 3 tests <1b>[0;32mOK<1b>[0m
     test-kernel_normal.R.......... 3 tests <1b>[0;32mOK<1b>[0m
     test-kernel_normal.R.......... 3 tests <1b>[0;32mOK<1b>[0m
     test-kernel_normal.R.......... 3 tests <1b>[0;32mOK<1b>[0m
     test-kernel_normal.R.......... 3 tests <1b>[0;32mOK<1b>[0m
     test-kernel_normal.R.......... 3 tests <1b>[0;32mOK<1b>[0m
     test-kernel_normal.R.......... 4 tests <1b>[0;32mOK<1b>[0m
     test-kernel_normal.R.......... 5 tests <1b>[0;32mOK<1b>[0m
     test-kernel_normal.R.......... 5 tests <1b>[0;32mOK<1b>[0m
     test-kernel_normal.R.......... 5 tests <1b>[0;32mOK<1b>[0m
     test-kernel_normal.R.......... 5 tests <1b>[0;32mOK<1b>[0m
     test-kernel_normal.R.......... 5 tests <1b>[0;32mOK<1b>[0m
     test-kernel_normal.R.......... 5 tests <1b>[0;32mOK<1b>[0m
     test-kernel_normal.R.......... 5 tests <1b>[0;32mOK<1b>[0m
     test-kernel_normal.R.......... 5 tests <1b>[0;32mOK<1b>[0m
     test-kernel_normal.R.......... 5 tests <1b>[0;32mOK<1b>[0m
     test-kernel_normal.R.......... 5 tests <1b>[0;32mOK<1b>[0m
     test-kernel_normal.R.......... 6 tests <1b>[0;32mOK<1b>[0m
     test-kernel_normal.R.......... 7 tests <1b>[0;32mOK<1b>[0m
     test-kernel_normal.R.......... 8 tests <1b>[0;32mOK<1b>[0m
     test-kernel_normal.R.......... 9 tests <1b>[0;32mOK<1b>[0m
     test-kernel_normal.R.......... 9 tests <1b>[0;32mOK<1b>[0m <1b>[0;34m1.2s<1b>[0m
    
     test-kernel_ram.R............. 0 tests
     test-kernel_ram.R............. 0 tests
     test-kernel_ram.R............. 0 tests
     test-kernel_ram.R............. 0 tests
     test-kernel_ram.R............. 0 tests
     test-kernel_ram.R............. 0 tests
     test-kernel_ram.R............. 0 tests
     test-kernel_ram.R............. 0 tests
     test-kernel_ram.R............. 0 tests
     test-kernel_ram.R............. 1 tests <1b>[0;32mOK<1b>[0m
     test-kernel_ram.R............. 2 tests <1b>[0;32mOK<1b>[0m
     test-kernel_ram.R............. 2 tests <1b>[0;32mOK<1b>[0m <1b>[0;34m5.8s<1b>[0m
    
     test-kernel_unif.R............ 0 tests
     test-kernel_unif.R............ 0 tests
     test-kernel_unif.R............ 0 tests
     test-kernel_unif.R............ 0 tests
     test-kernel_unif.R............ 0 tests
     test-kernel_unif.R............ 0 tests
     test-kernel_unif.R............ 0 tests
     test-kernel_unif.R............ 1 tests <1b>[0;32mOK<1b>[0m
     test-kernel_unif.R............ 1 tests <1b>[0;32mOK<1b>[0m
     test-kernel_unif.R............ 1 tests <1b>[0;32mOK<1b>[0m
     test-kernel_unif.R............ 1 tests <1b>[0;32mOK<1b>[0m
     test-kernel_unif.R............ 1 tests <1b>[0;32mOK<1b>[0m
     test-kernel_unif.R............ 1 tests <1b>[0;32mOK<1b>[0m
     test-kernel_unif.R............ 2 tests <1b>[0;32mOK<1b>[0m
     test-kernel_unif.R............ 3 tests <1b>[0;32mOK<1b>[0m
     test-kernel_unif.R............ 3 tests <1b>[0;32mOK<1b>[0m
     test-kernel_unif.R............ 3 tests <1b>[0;32mOK<1b>[0m
     test-kernel_unif.R............ 3 tests <1b>[0;32mOK<1b>[0m
     test-kernel_unif.R............ 3 tests <1b>[0;32mOK<1b>[0m
     test-kernel_unif.R............ 3 tests <1b>[0;32mOK<1b>[0m
     test-kernel_unif.R............ 3 tests <1b>[0;32mOK<1b>[0m
     test-kernel_unif.R............ 3 tests <1b>[0;32mOK<1b>[0m
     test-kernel_unif.R............ 4 tests <1b>[0;32mOK<1b>[0m
     test-kernel_unif.R............ 4 tests <1b>[0;32mOK<1b>[0m
     test-kernel_unif.R............ 4 tests <1b>[0;32mOK<1b>[0m
     test-kernel_unif.R............ 4 tests <1b>[0;32mOK<1b>[0m
     test-kernel_unif.R............ 4 tests <1b>[0;32mOK<1b>[0m
     test-kernel_unif.R............ 4 tests <1b>[0;32mOK<1b>[0m
     test-kernel_unif.R............ 5 tests <1b>[0;32mOK<1b>[0m
     test-kernel_unif.R............ 6 tests <1b>[0;32mOK<1b>[0m
     test-kernel_unif.R............ 6 tests <1b>[0;32mOK<1b>[0m
     test-kernel_unif.R............ 6 tests <1b>[0;32mOK<1b>[0m
     test-kernel_unif.R............ 6 tests <1b>[0;32mOK<1b>[0m
     test-kernel_unif.R............ 6 tests <1b>[0;32mOK<1b>[0m
     test-kernel_unif.R............ 6 tests <1b>[0;32mOK<1b>[0m
     test-kernel_unif.R............ 6 tests <1b>[0;32mOK<1b>[0m
     test-kernel_unif.R............ 6 tests <1b>[0;32mOK<1b>[0m
     test-kernel_unif.R............ 7 tests <1b>[0;32mOK<1b>[0m
     test-kernel_unif.R............ 7 tests <1b>[0;32mOK<1b>[0m
     test-kernel_unif.R............ 7 tests <1b>[0;32mOK<1b>[0m
     test-kernel_unif.R............ 7 tests <1b>[0;32mOK<1b>[0m
     test-kernel_unif.R............ 7 tests <1b>[0;32mOK<1b>[0m
     test-kernel_unif.R............ 8 tests <1b>[0;32mOK<1b>[0m
     test-kernel_unif.R............ 8 tests <1b>[0;32mOK<1b>[0m
     test-kernel_unif.R............ 8 tests <1b>[0;32mOK<1b>[0m
     test-kernel_unif.R............ 9 tests <1b>[0;32mOK<1b>[0m
     test-kernel_unif.R............ 10 tests <1b>[0;32mOK<1b>[0m <1b>[0;34m2.4s<1b>[0m
    
     test-kernels.R................ 0 tests
     test-kernels.R................ 0 tests
     test-kernels.R................ 0 tests
     test-kernels.R................ 0 tests
     test-kernels.R................ 0 tests
     test-kernels.R................ 0 tests
     test-kernels.R................ 0 tests
     test-kernels.R................ 0 tests
     test-kernels.R................ 1 tests <1b>[0;32mOK<1b>[0m
     test-kernels.R................ 1 tests <1b>[0;32mOK<1b>[0m
     test-kernels.R................ 2 tests <1b>[0;32mOK<1b>[0m
     test-kernels.R................ 2 tests <1b>[0;32mOK<1b>[0m
     test-kernels.R................ 3 tests <1b>[0;32mOK<1b>[0m
     test-kernels.R................ 3 tests <1b>[0;32mOK<1b>[0m
     test-kernels.R................ 3 tests <1b>[0;32mOK<1b>[0m
     test-kernels.R................ 4 tests <1b>[0;32mOK<1b>[0m
     test-kernels.R................ 4 tests <1b>[0;32mOK<1b>[0m
     test-kernels.R................ 4 tests <1b>[0;32mOK<1b>[0m
     test-kernels.R................ 5 tests <1b>[0;32mOK<1b>[0m
     test-kernels.R................ 6 tests <1b>[0;32mOK<1b>[0m
     test-kernels.R................ 7 tests <1b>[0;32mOK<1b>[0m
     test-kernels.R................ 8 tests <1b>[0;32mOK<1b>[0m
     test-kernels.R................ 9 tests <1b>[0;32mOK<1b>[0m <1b>[0;36m31ms<1b>[0m
    
     test-mcmc.R................... 0 tests
     test-mcmc.R................... 1 tests <1b>[0;32mOK<1b>[0m
     test-mcmc.R................... 2 tests <1b>[0;32mOK<1b>[0m
     test-mcmc.R................... 3 tests <1b>[0;32mOK<1b>[0m
     test-mcmc.R................... 3 tests <1b>[0;32mOK<1b>[0m
     test-mcmc.R................... 4 tests <1b>[0;32mOK<1b>[0m
     test-mcmc.R................... 4 tests <1b>[0;32mOK<1b>[0m
     test-mcmc.R................... 4 tests <1b>[0;32mOK<1b>[0m
     test-mcmc.R................... 4 tests <1b>[0;32mOK<1b>[0m
     test-mcmc.R................... 4 tests <1b>[0;32mOK<1b>[0m
     test-mcmc.R................... 4 tests <1b>[0;32mOK<1b>[0m
     test-mcmc.R................... 5 tests <1b>[0;32mOK<1b>[0m
     test-mcmc.R................... 5 tests <1b>[0;32mOK<1b>[0m
     test-mcmc.R................... 5 tests <1b>[0;32mOK<1b>[0m
     test-mcmc.R................... 5 tests <1b>[0;32mOK<1b>[0m
     test-mcmc.R................... 5 tests <1b>[0;32mOK<1b>[0m
     test-mcmc.R................... 5 tests <1b>[0;32mOK<1b>[0m
     test-mcmc.R................... 6 tests <1b>[0;32mOK<1b>[0m
     test-mcmc.R................... 6 tests <1b>[0;32mOK<1b>[0m
     test-mcmc.R................... 6 tests <1b>[0;32mOK<1b>[0m
     test-mcmc.R................... 6 tests <1b>[0;32mOK<1b>[0m Error in ...names() : could not find function "...names"
     Calls: <Anonymous> -> run_test_dir -> lapply -> FUN -> eval -> eval
     Execution halted
Flavor: r-oldrel-windows-ix86+x86_64

Version: 0.5-0
Check: re-building of vignette outputs
Result: WARN
    Error(s) in re-building vignettes:
    --- re-building 'advanced-features.Rmd' using rmarkdown
    Quitting from lines 111-125 (advanced-features.Rmd)
    Error: processing vignette 'advanced-features.Rmd' failed with diagnostics:
    could not find function "...names"
    --- failed re-building 'advanced-features.Rmd'
    
    --- re-building 'user-defined-kernels.Rmd' using rmarkdown
    Quitting from lines 101-109 (user-defined-kernels.Rmd)
    Error: processing vignette 'user-defined-kernels.Rmd' failed with diagnostics:
    could not find function "...names"
    --- failed re-building 'user-defined-kernels.Rmd'
    
    --- re-building 'workflow-with-fmcmc.Rmd' using rmarkdown
    --- finished re-building 'workflow-with-fmcmc.Rmd'
    
    SUMMARY: processing the following files failed:
     'advanced-features.Rmd' 'user-defined-kernels.Rmd'
    
    Error: Vignette re-building failed.
    Execution halted
Flavor: r-oldrel-windows-ix86+x86_64