Last updated on 2023-09-28 23:08:45 CEST.
Flavor | Version | Tinstall | Tcheck | Ttotal | Status | Flags |
---|---|---|---|---|---|---|
r-devel-linux-x86_64-debian-clang | 1.1.1 | 56.18 | 174.45 | 230.63 | NOTE | |
r-devel-linux-x86_64-debian-gcc | 1.1.1 | 39.30 | 127.22 | 166.52 | NOTE | |
r-devel-linux-x86_64-fedora-clang | 1.1.1 | 305.57 | NOTE | |||
r-devel-linux-x86_64-fedora-gcc | 1.1.1 | 296.17 | NOTE | |||
r-devel-windows-x86_64 | 1.1.1 | 45.00 | 149.00 | 194.00 | NOTE | |
r-patched-linux-x86_64 | 1.1.1 | 47.89 | 164.02 | 211.91 | NOTE | |
r-release-linux-x86_64 | 1.1.1 | 48.66 | 164.26 | 212.92 | NOTE | |
r-release-macos-arm64 | 1.1.1 | 77.00 | NOTE | |||
r-release-macos-x86_64 | 1.1.1 | 130.00 | NOTE | |||
r-release-windows-x86_64 | 1.1.1 | 59.00 | 184.00 | 243.00 | NOTE | |
r-oldrel-macos-arm64 | 1.1.1 | 68.00 | OK | |||
r-oldrel-macos-x86_64 | 1.1.1 | 121.00 | OK | |||
r-oldrel-windows-x86_64 | 1.1.1 | 59.00 | 185.00 | 244.00 | OK |
Version: 1.1.1
Check: C++ specification
Result: NOTE
Specified C++11: please drop specification unless essential
Flavors: r-devel-linux-x86_64-debian-clang, r-devel-linux-x86_64-debian-gcc, r-devel-linux-x86_64-fedora-clang, r-devel-linux-x86_64-fedora-gcc, r-devel-windows-x86_64, r-patched-linux-x86_64, r-release-linux-x86_64, r-release-macos-arm64, r-release-macos-x86_64, r-release-windows-x86_64