Last updated on 2023-09-21 23:03:20 CEST.
Flavor | Version | Tinstall | Tcheck | Ttotal | Status | Flags |
---|---|---|---|---|---|---|
r-devel-linux-x86_64-debian-clang | 0.1.5 | 9.54 | 106.60 | 116.14 | NOTE | |
r-devel-linux-x86_64-debian-gcc | 0.1.5 | 7.49 | 78.50 | 85.99 | NOTE | |
r-devel-linux-x86_64-fedora-clang | 0.1.5 | 138.11 | NOTE | |||
r-devel-linux-x86_64-fedora-gcc | 0.1.5 | 135.73 | NOTE | |||
r-devel-windows-x86_64 | 0.1.5 | 9.00 | 146.00 | 155.00 | NOTE | |
r-patched-linux-x86_64 | 0.1.5 | 9.85 | 101.25 | 111.10 | OK | |
r-release-linux-x86_64 | 0.1.5 | 9.94 | 100.52 | 110.46 | OK | |
r-release-macos-arm64 | 0.1.5 | 74.00 | OK | |||
r-release-macos-x86_64 | 0.1.5 | 159.00 | OK | |||
r-release-windows-x86_64 | 0.1.5 | 12.00 | 176.00 | 188.00 | OK | |
r-oldrel-macos-arm64 | 0.1.5 | 78.00 | OK | |||
r-oldrel-macos-x86_64 | 0.1.5 | 115.00 | OK | |||
r-oldrel-windows-x86_64 | 0.1.5 | 12.00 | 185.00 | 197.00 | OK |
Version: 0.1.5
Check: Rd \usage sections
Result: NOTE
Documented arguments not in \usage in documentation object 'hl.factor.number':
‘w’
Functions with \usage entries need to have the appropriate \alias
entries, and all their arguments documented.
The \usage entries must correspond to syntactically valid R code.
See chapter ‘Writing R documentation files’ in the ‘Writing R
Extensions’ manual.
Flavors: r-devel-linux-x86_64-debian-clang, r-devel-linux-x86_64-debian-gcc, r-devel-linux-x86_64-fedora-clang, r-devel-linux-x86_64-fedora-gcc, r-devel-windows-x86_64