CRAN Package Check Results for Package foghorn

Last updated on 2024-06-13 22:49:27 CEST.

Flavor Version Tinstall Tcheck Ttotal Status Flags
r-devel-linux-x86_64-debian-clang 1.5.2 6.40 61.82 68.22 OK
r-devel-linux-x86_64-debian-gcc 1.5.2 0.31 1.86 2.17 ERROR
r-devel-linux-x86_64-fedora-clang 1.5.2 84.56 OK
r-devel-linux-x86_64-fedora-gcc 1.5.2 92.48 OK
r-devel-windows-x86_64 1.5.2 7.00 71.00 78.00 OK
r-patched-linux-x86_64 1.5.2 6.06 59.41 65.47 OK
r-release-linux-x86_64 1.5.2 4.69 58.08 62.77 OK
r-release-macos-arm64 1.5.2 34.00 OK
r-release-macos-x86_64 1.5.2 51.00 OK
r-release-windows-x86_64 1.5.2 8.00 71.00 79.00 OK
r-oldrel-macos-arm64 1.5.2 37.00 OK
r-oldrel-macos-x86_64 1.5.2 63.00 OK
r-oldrel-windows-x86_64 1.5.2 8.00 74.00 82.00 OK

Check Details

Version: 1.5.2
Check: package dependencies
Result: ERROR Packages required but not available: 'httr2', 'rvest', 'tibble' Packages suggested but not available for checking: 'dplyr', 'progress', 'testthat' See section ‘The DESCRIPTION file’ in the ‘Writing R Extensions’ manual. Flavor: r-devel-linux-x86_64-debian-gcc