CRAN Package Check Results for Package foieGras

Last updated on 2020-01-17 22:50:52 CET.

Flavor Version Tinstall Tcheck Ttotal Status Flags
r-devel-linux-x86_64-debian-clang 0.4.0 116.85 173.28 290.13 OK
r-devel-linux-x86_64-debian-gcc 0.4.0 104.85 132.01 236.86 OK
r-devel-linux-x86_64-fedora-clang 0.4.0 405.25 NOTE
r-devel-linux-x86_64-fedora-gcc 0.4.0 405.52 OK
r-devel-windows-ix86+x86_64 0.4.0 249.00 358.00 607.00 NOTE
r-devel-windows-ix86+x86_64-gcc8 0.4.0 201.00 368.00 569.00 NOTE
r-patched-linux-x86_64 0.4.0 99.99 155.30 255.29 OK
r-patched-solaris-x86 0.4.0 426.40 OK
r-release-linux-x86_64 0.4.0 99.40 154.00 253.40 OK
r-release-windows-ix86+x86_64 0.4.0 239.00 342.00 581.00 NOTE
r-release-osx-x86_64 0.4.0 NOTE
r-oldrel-windows-ix86+x86_64 0.4.0 213.00 235.00 448.00 NOTE
r-oldrel-osx-x86_64 0.4.0 NOTE

Additional issues

clang-UBSAN

Check Details

Version: 0.4.0
Check: installed package size
Result: NOTE
     installed size is 33.1Mb
     sub-directories of 1Mb or more:
     libs 31.8Mb
Flavors: r-devel-linux-x86_64-fedora-clang, r-devel-windows-ix86+x86_64, r-devel-windows-ix86+x86_64-gcc8, r-release-windows-ix86+x86_64, r-release-osx-x86_64, r-oldrel-windows-ix86+x86_64, r-oldrel-osx-x86_64