CRAN Package Check Results for Package foieGras

Last updated on 2021-07-27 01:50:42 CEST.

Flavor Version Tinstall Tcheck Ttotal Status Flags
r-devel-linux-x86_64-debian-clang 0.7-6 147.86 323.24 471.10 OK
r-devel-linux-x86_64-debian-gcc 0.7-6 121.19 242.40 363.59 OK
r-devel-linux-x86_64-fedora-clang 0.7-6 599.16 NOTE
r-devel-linux-x86_64-fedora-gcc 0.7-6 580.43 OK
r-devel-windows-x86_64 0.7-6 146.00 398.00 544.00 NOTE
r-devel-windows-x86_64-gcc10-UCRT 0.7-6 OK
r-patched-linux-x86_64 0.7-6 124.95 304.78 429.73 OK
r-patched-solaris-x86 0.7-6 720.50 OK
r-release-linux-x86_64 0.7-6 122.49 303.60 426.09 OK
r-release-macos-arm64 0.7-6 WARN
r-release-macos-x86_64 0.7-6 NOTE
r-release-windows-ix86+x86_64 0.7-6 266.00 434.00 700.00 NOTE
r-oldrel-macos-x86_64 0.7-6 NOTE
r-oldrel-windows-ix86+x86_64 0.7-6 234.00 575.00 809.00 NOTE

Check Details

Version: 0.7-6
Check: installed package size
Result: NOTE
     installed size is 35.5Mb
     sub-directories of 1Mb or more:
     libs 34.4Mb
Flavors: r-devel-linux-x86_64-fedora-clang, r-devel-windows-x86_64, r-release-macos-arm64, r-release-macos-x86_64, r-release-windows-ix86+x86_64, r-oldrel-macos-x86_64, r-oldrel-windows-ix86+x86_64

Version: 0.7-6
Check: re-building of vignette outputs
Result: WARN
    Error(s) in re-building vignettes:
     ...
    --- re-building ‘basics.Rmd’ using rmarkdown
    Warning in engine$weave(file, quiet = quiet, encoding = enc) :
     Pandoc (>= 1.12.3) not available. Falling back to R Markdown v1.
    Quitting from lines 138-141 (basics.Rmd)
    Error: processing vignette 'basics.Rmd' failed with diagnostics:
    polygon edge not found
    --- failed re-building ‘basics.Rmd’
    
    SUMMARY: processing the following file failed:
     ‘basics.Rmd’
    
    Error: Vignette re-building failed.
    Execution halted
Flavor: r-release-macos-arm64