Last updated on 2023-12-09 21:54:16 CET.
Flavor | Version | Tinstall | Tcheck | Ttotal | Status | Flags |
---|---|---|---|---|---|---|
r-devel-linux-x86_64-debian-clang | 1.3.0 | 2.22 | 25.42 | 27.64 | OK | |
r-devel-linux-x86_64-debian-gcc | 1.3.0 | 2.04 | 20.05 | 22.09 | OK | |
r-devel-linux-x86_64-fedora-clang | 1.3.0 | 35.01 | NOTE | |||
r-devel-linux-x86_64-fedora-gcc | 1.3.0 | 33.68 | NOTE | |||
r-devel-windows-x86_64 | 1.3.0 | 4.00 | 43.00 | 47.00 | OK | |
r-patched-linux-x86_64 | 1.3.0 | 4.08 | 25.39 | 29.47 | OK | |
r-release-linux-x86_64 | 1.3.0 | 2.98 | 24.86 | 27.84 | OK | |
r-release-macos-arm64 | 1.3.0 | 16.00 | OK | |||
r-release-macos-x86_64 | 1.3.0 | 21.00 | OK | |||
r-release-windows-x86_64 | 1.3.0 | 4.00 | 44.00 | 48.00 | OK | |
r-oldrel-macos-arm64 | 1.3.0 | 18.00 | OK | |||
r-oldrel-macos-x86_64 | 1.3.0 | 24.00 | NOTE | |||
r-oldrel-windows-x86_64 | 1.3.0 | 29.00 | 56.00 | 85.00 | OK |
Version: 1.3.0
Check: data for non-ASCII characters
Result: NOTE
Note: found 446 marked UTF-8 strings
Flavors: r-devel-linux-x86_64-fedora-clang, r-devel-linux-x86_64-fedora-gcc, r-oldrel-macos-x86_64