CRAN Package Check Results for Package fontquiver

Last updated on 2023-09-28 23:08:45 CEST.

Flavor Version Tinstall Tcheck Ttotal Status Flags
r-devel-linux-x86_64-debian-clang 0.2.1 2.80 25.68 28.48 NOTE
r-devel-linux-x86_64-debian-gcc 0.2.1 2.35 20.19 22.54 NOTE
r-devel-linux-x86_64-fedora-clang 0.2.1 35.00 NOTE
r-devel-linux-x86_64-fedora-gcc 0.2.1 34.05 NOTE
r-devel-windows-x86_64 0.2.1 8.00 43.00 51.00 NOTE
r-patched-linux-x86_64 0.2.1 2.40 24.77 27.17 NOTE
r-release-linux-x86_64 0.2.1 2.45 25.27 27.72 NOTE
r-release-macos-arm64 0.2.1 17.00 NOTE
r-release-macos-x86_64 0.2.1 23.00 NOTE
r-release-windows-x86_64 0.2.1 5.00 44.00 49.00 NOTE
r-oldrel-macos-arm64 0.2.1 18.00 NOTE
r-oldrel-macos-x86_64 0.2.1 23.00 NOTE
r-oldrel-windows-x86_64 0.2.1 6.00 46.00 52.00 NOTE

Check Details

Version: 0.2.1
Check: LazyData
Result: NOTE
     'LazyData' is specified without a 'data' directory
Flavors: r-devel-linux-x86_64-debian-clang, r-devel-linux-x86_64-debian-gcc, r-devel-linux-x86_64-fedora-clang, r-devel-linux-x86_64-fedora-gcc, r-devel-windows-x86_64, r-patched-linux-x86_64, r-release-linux-x86_64, r-release-macos-arm64, r-release-macos-x86_64, r-release-windows-x86_64, r-oldrel-macos-arm64, r-oldrel-macos-x86_64, r-oldrel-windows-x86_64