CRAN Package Check Results for Package foolbox

Last updated on 2021-12-01 22:53:11 CET.

Flavor Version Tinstall Tcheck Ttotal Status Flags
r-devel-linux-x86_64-debian-clang 0.1.1 2.80 61.90 64.70 NOTE
r-devel-linux-x86_64-debian-gcc 0.1.1 2.10 44.53 46.63 NOTE
r-devel-linux-x86_64-fedora-clang 0.1.1 88.17 NOTE
r-devel-linux-x86_64-fedora-gcc 0.1.1 78.29 NOTE
r-devel-windows-x86_64-new-UL 0.1.1 11.00 108.00 119.00 NOTE
r-devel-windows-x86_64-new-TK 0.1.1 NOTE
r-devel-windows-x86_64-old 0.1.1 6.00 74.00 80.00 NOTE
r-patched-linux-x86_64 0.1.1 3.31 57.86 61.17 NOTE
r-patched-solaris-x86 0.1.1 62.10 NOTE
r-release-linux-x86_64 0.1.1 2.56 58.27 60.83 NOTE
r-release-macos-arm64 0.1.1 NOTE
r-release-macos-x86_64 0.1.1 NOTE
r-release-windows-ix86+x86_64 0.1.1 6.00 89.00 95.00 NOTE
r-oldrel-macos-x86_64 0.1.1 OK
r-oldrel-windows-ix86+x86_64 0.1.1 6.00 88.00 94.00 OK

Check Details

Version: 0.1.1
Check: LazyData
Result: NOTE
     'LazyData' is specified without a 'data' directory
Flavors: r-devel-linux-x86_64-debian-clang, r-devel-linux-x86_64-debian-gcc, r-devel-linux-x86_64-fedora-clang, r-devel-linux-x86_64-fedora-gcc, r-devel-windows-x86_64-new-UL, r-devel-windows-x86_64-new-TK, r-devel-windows-x86_64-old, r-patched-linux-x86_64, r-patched-solaris-x86, r-release-linux-x86_64, r-release-macos-arm64, r-release-macos-x86_64, r-release-windows-ix86+x86_64