Last updated on 2024-04-22 23:09:50 CEST.
Flavor | Version | Tinstall | Tcheck | Ttotal | Status | Flags |
---|---|---|---|---|---|---|
r-devel-linux-x86_64-debian-clang | 0.1.0 | 7.22 | 91.19 | 98.41 | NOTE | |
r-devel-linux-x86_64-debian-gcc | 0.1.0 | 5.45 | 68.01 | 73.46 | NOTE | |
r-devel-linux-x86_64-fedora-clang | 0.1.0 | 127.33 | NOTE | |||
r-devel-linux-x86_64-fedora-gcc | 0.1.0 | 131.42 | NOTE | |||
r-prerel-macos-arm64 | 0.1.0 | 41.00 | NOTE | |||
r-prerel-windows-x86_64 | 0.1.0 | 7.00 | 83.00 | 90.00 | NOTE | |
r-patched-linux-x86_64 | 0.1.0 | 6.13 | 87.84 | 93.97 | NOTE | |
r-release-linux-x86_64 | 0.1.0 | 7.16 | 89.41 | 96.57 | OK | |
r-release-macos-arm64 | 0.1.0 | 46.00 | OK | |||
r-release-macos-x86_64 | 0.1.0 | 68.00 | OK | |||
r-release-windows-x86_64 | 0.1.0 | 10.00 | 99.00 | 109.00 | OK | |
r-oldrel-macos-arm64 | 0.1.0 | 35.00 | OK | |||
r-oldrel-windows-x86_64 | 0.1.0 | 11.00 | 96.00 | 107.00 | OK |
Version: 0.1.0
Check: Rd files
Result: NOTE
checkRd: (-1) depth.Rd:17: Lost braces; missing escapes or markup?
17 | \item {file} : {filename}
| ^
checkRd: (-1) depth.Rd:18: Lost braces; missing escapes or markup?
18 | \item {z_depth} : {measured focus range depth (z)}}
| ^
Flavors: r-devel-linux-x86_64-debian-clang, r-devel-linux-x86_64-debian-gcc, r-devel-linux-x86_64-fedora-clang, r-devel-linux-x86_64-fedora-gcc, r-prerel-macos-arm64, r-prerel-windows-x86_64, r-patched-linux-x86_64