CRAN Package Check Results for Package forImage

Last updated on 2024-02-23 23:10:06 CET.

Flavor Version Tinstall Tcheck Ttotal Status Flags
r-devel-linux-x86_64-debian-clang 0.1.0 NOTE
r-devel-linux-x86_64-debian-gcc 0.1.0 4.99 68.75 73.74 NOTE
r-devel-linux-x86_64-fedora-clang 0.1.0 117.56 OK
r-devel-linux-x86_64-fedora-gcc 0.1.0 134.64 OK
r-devel-windows-x86_64 0.1.0 8.00 86.00 94.00 OK
r-patched-linux-x86_64 0.1.0 7.59 88.76 96.35 OK
r-release-linux-x86_64 0.1.0 6.81 88.01 94.82 OK
r-release-macos-arm64 0.1.0 46.00 OK
r-release-macos-x86_64 0.1.0 68.00 OK
r-release-windows-x86_64 0.1.0 10.00 99.00 109.00 OK
r-oldrel-macos-arm64 0.1.0 35.00 OK
r-oldrel-windows-x86_64 0.1.0 10.00 97.00 107.00 OK

Check Details

Version: 0.1.0
Check: Rd files
Result: NOTE checkRd: (-1) depth.Rd:17: Lost braces; missing escapes or markup? 17 | \item {file} : {filename} | ^ checkRd: (-1) depth.Rd:18: Lost braces; missing escapes or markup? 18 | \item {z_depth} : {measured focus range depth (z)}} | ^ Flavors: r-devel-linux-x86_64-debian-clang, r-devel-linux-x86_64-debian-gcc