CRAN Package Check Results for Package foreach

Last updated on 2024-06-13 22:49:27 CEST.

Flavor Version Tinstall Tcheck Ttotal Status Flags
r-devel-linux-x86_64-debian-clang 1.5.2 2.45 60.58 63.03 OK
r-devel-linux-x86_64-debian-gcc 1.5.2 2.23 29.10 31.33 ERROR
r-devel-linux-x86_64-fedora-clang 1.5.2 81.83 OK
r-devel-linux-x86_64-fedora-gcc 1.5.2 89.41 OK
r-devel-windows-x86_64 1.5.2 5.00 144.00 149.00 NOTE
r-patched-linux-x86_64 1.5.2 3.36 59.93 63.29 OK
r-release-linux-x86_64 1.5.2 2.65 57.75 60.40 OK
r-release-macos-arm64 1.5.2 110.00 OK
r-release-macos-x86_64 1.5.2 150.00 OK
r-release-windows-x86_64 1.5.2 6.00 147.00 153.00 NOTE
r-oldrel-macos-arm64 1.5.2 111.00 OK
r-oldrel-macos-x86_64 1.5.2 122.00 OK
r-oldrel-windows-x86_64 1.5.2 6.00 151.00 157.00 NOTE

Check Details

Version: 1.5.2
Check: package dependencies
Result: NOTE Package suggested but not available for checking: ‘testthat’ Flavor: r-devel-linux-x86_64-debian-gcc

Version: 1.5.2
Check: tests
Result: ERROR Running ‘testthat.R’ [0s/0s] Running the tests in ‘tests/testthat.R’ failed. Complete output: > library(testthat) Error in library(testthat) : there is no package called 'testthat' Execution halted Flavor: r-devel-linux-x86_64-debian-gcc

Version: 1.5.2
Check: package dependencies
Result: NOTE Package suggested but not available for checking: 'doMC' Flavors: r-devel-windows-x86_64, r-release-windows-x86_64, r-oldrel-windows-x86_64