CRAN Package Check Results for Package forecast

Last updated on 2022-08-12 22:55:57 CEST.

Flavor Version Tinstall Tcheck Ttotal Status Flags
r-devel-linux-x86_64-debian-clang 8.17.0 134.28 415.26 549.54 OK
r-devel-linux-x86_64-debian-gcc 8.17.0 107.26 291.58 398.84 OK
r-devel-linux-x86_64-fedora-clang 8.17.0 725.71 OK
r-devel-linux-x86_64-fedora-gcc 8.17.0 653.28 OK
r-devel-windows-x86_64 8.17.0 215.00 452.00 667.00 OK
r-patched-linux-x86_64 8.17.0 118.94 384.73 503.67 OK
r-release-linux-x86_64 8.17.0 121.91 382.36 504.27 OK
r-release-macos-arm64 8.17.0 158.00 WARN
r-release-macos-x86_64 8.17.0 194.00 WARN
r-release-windows-x86_64 8.17.0 202.00 454.00 656.00 OK
r-oldrel-macos-arm64 8.17.0 160.00 WARN
r-oldrel-macos-x86_64 8.17.0 186.00 WARN
r-oldrel-windows-ix86+x86_64 8.17.0 303.00 788.00 1091.00 OK

Check Details

Version: 8.17.0
Check: installed package size
Result: NOTE
     installed size is 5.3Mb
     sub-directories of 1Mb or more:
     libs 3.7Mb
Flavors: r-release-macos-arm64, r-oldrel-macos-arm64

Version: 8.17.0
Check: re-building of vignette outputs
Result: WARN
    Error(s) in re-building vignettes:
     ...
    --- re-building ‘JSS2008.Rmd’ using rmarkdown
    ! LaTeX Error: File `orcidlink.sty' not found.
    
    ! Emergency stop.
    <read *>
    
    Error: processing vignette 'JSS2008.Rmd' failed with diagnostics:
    LaTeX failed to compile /Volumes/Builds/packages/big-sur-arm64/results/4.2/forecast.Rcheck/vign_test/forecast/vignettes/JSS2008.tex. See https://yihui.org/tinytex/r/#debugging for debugging tips. See JSS2008.log for more info.
    --- failed re-building ‘JSS2008.Rmd’
    
    SUMMARY: processing the following file failed:
     ‘JSS2008.Rmd’
    
    Error: Vignette re-building failed.
    Execution halted
Flavor: r-release-macos-arm64

Version: 8.17.0
Check: re-building of vignette outputs
Result: WARN
    Error(s) in re-building vignettes:
     ...
    --- re-building ‘JSS2008.Rmd’ using rmarkdown
    ! LaTeX Error: File `orcidlink.sty' not found.
    
    ! Emergency stop.
    <read *>
    
    Error: processing vignette 'JSS2008.Rmd' failed with diagnostics:
    LaTeX failed to compile /Volumes/Builds/packages/high-sierra-x86_64/results/4.2/forecast.Rcheck/vign_test/forecast/vignettes/JSS2008.tex. See https://yihui.org/tinytex/r/#debugging for debugging tips. See JSS2008.log for more info.
    --- failed re-building ‘JSS2008.Rmd’
    
    SUMMARY: processing the following file failed:
     ‘JSS2008.Rmd’
    
    Error: Vignette re-building failed.
    Execution halted
Flavor: r-release-macos-x86_64

Version: 8.17.0
Check: re-building of vignette outputs
Result: WARN
    Error(s) in re-building vignettes:
     ...
    --- re-building ‘JSS2008.Rmd’ using rmarkdown
    ! LaTeX Error: File `orcidlink.sty' not found.
    
    ! Emergency stop.
    <read *>
    
    Error: processing vignette 'JSS2008.Rmd' failed with diagnostics:
    LaTeX failed to compile /Volumes/Builds/packages/big-sur-arm64/results/4.1/forecast.Rcheck/vign_test/forecast/vignettes/JSS2008.tex. See https://yihui.org/tinytex/r/#debugging for debugging tips. See JSS2008.log for more info.
    --- failed re-building ‘JSS2008.Rmd’
    
    SUMMARY: processing the following file failed:
     ‘JSS2008.Rmd’
    
    Error: Vignette re-building failed.
    Execution halted
Flavor: r-oldrel-macos-arm64

Version: 8.17.0
Check: re-building of vignette outputs
Result: WARN
    Error(s) in re-building vignettes:
     ...
    --- re-building ‘JSS2008.Rmd’ using rmarkdown
    ! LaTeX Error: File `orcidlink.sty' not found.
    
    ! Emergency stop.
    <read *>
    
    Error: processing vignette 'JSS2008.Rmd' failed with diagnostics:
    LaTeX failed to compile /Volumes/Builds/packages/high-sierra-x86_64/results/4.1/forecast.Rcheck/vign_test/forecast/vignettes/JSS2008.tex. See https://yihui.org/tinytex/r/#debugging for debugging tips. See JSS2008.log for more info.
    --- failed re-building ‘JSS2008.Rmd’
    
    SUMMARY: processing the following file failed:
     ‘JSS2008.Rmd’
    
    Error: Vignette re-building failed.
    Execution halted
Flavor: r-oldrel-macos-x86_64