CRAN Package Check Results for Package formattable

Last updated on 2022-09-26 23:10:32 CEST.

Flavor Version Tinstall Tcheck Ttotal Status Flags
r-devel-linux-x86_64-debian-clang 0.2.1 3.84 49.39 53.23 NOTE
r-devel-linux-x86_64-debian-gcc 0.2.1 3.42 38.82 42.24 NOTE
r-devel-linux-x86_64-fedora-clang 0.2.1 79.10 NOTE
r-devel-linux-x86_64-fedora-gcc 0.2.1 79.57 NOTE
r-devel-windows-x86_64 0.2.1 47.00 114.00 161.00 NOTE
r-patched-linux-x86_64 0.2.1 4.15 48.02 52.17 NOTE
r-release-linux-x86_64 0.2.1 3.43 49.07 52.50 NOTE
r-release-macos-arm64 0.2.1 26.00 NOTE
r-release-macos-x86_64 0.2.1 37.00 NOTE
r-release-windows-x86_64 0.2.1 59.00 99.00 158.00 NOTE
r-oldrel-macos-arm64 0.2.1 31.00 NOTE
r-oldrel-macos-x86_64 0.2.1 43.00 NOTE
r-oldrel-windows-ix86+x86_64 0.2.1 9.00 78.00 87.00 NOTE

Check Details

Version: 0.2.1
Check: LazyData
Result: NOTE
     'LazyData' is specified without a 'data' directory
Flavors: r-devel-linux-x86_64-debian-clang, r-devel-linux-x86_64-debian-gcc, r-devel-linux-x86_64-fedora-clang, r-devel-linux-x86_64-fedora-gcc, r-devel-windows-x86_64, r-patched-linux-x86_64, r-release-linux-x86_64, r-release-macos-arm64, r-release-macos-x86_64, r-release-windows-x86_64, r-oldrel-macos-arm64, r-oldrel-macos-x86_64, r-oldrel-windows-ix86+x86_64