CRAN Package Check Results for Package foster

Last updated on 2022-07-05 22:50:22 CEST.

Flavor Version Tinstall Tcheck Ttotal Status Flags
r-devel-linux-x86_64-debian-clang 0.1.1 8.62 322.61 331.23 OK
r-devel-linux-x86_64-debian-gcc 0.1.1 5.88 243.97 249.85 OK
r-devel-linux-x86_64-fedora-clang 0.1.1 379.82 NOTE
r-devel-linux-x86_64-fedora-gcc 0.1.1 381.82 NOTE
r-devel-windows-x86_64 0.1.1 27.00 357.00 384.00 OK
r-patched-linux-x86_64 0.1.1 5.88 302.10 307.98 OK
r-release-linux-x86_64 0.1.1 5.00 300.47 305.47 OK
r-release-macos-arm64 0.1.1 97.00 NOTE
r-release-macos-x86_64 0.1.1 172.00 NOTE
r-release-windows-x86_64 0.1.1 29.00 364.00 393.00 OK
r-oldrel-macos-arm64 0.1.1 117.00 NOTE
r-oldrel-macos-x86_64 0.1.1 172.00 NOTE
r-oldrel-windows-ix86+x86_64 0.1.1 20.00 368.00 388.00 OK

Check Details

Version: 0.1.1
Check: dependencies in R code
Result: NOTE
    Namespace in Imports field not imported from: ‘spatstat’
     All declared Imports should be used.
Flavors: r-devel-linux-x86_64-fedora-clang, r-devel-linux-x86_64-fedora-gcc, r-release-macos-arm64, r-release-macos-x86_64, r-oldrel-macos-arm64, r-oldrel-macos-x86_64