CRAN Package Check Results for Package foster

Last updated on 2021-12-03 22:57:40 CET.

Flavor Version Tinstall Tcheck Ttotal Status Flags
r-devel-linux-x86_64-debian-clang 0.1.1 6.66 258.97 265.63 OK
r-devel-linux-x86_64-debian-gcc 0.1.1 5.31 199.12 204.43 OK
r-devel-linux-x86_64-fedora-clang 0.1.1 314.53 NOTE
r-devel-linux-x86_64-fedora-gcc 0.1.1 302.71 NOTE
r-devel-windows-x86_64-new-UL 0.1.1 17.00 315.00 332.00 OK
r-devel-windows-x86_64-new-TK 0.1.1 NOTE
r-devel-windows-x86_64-old 0.1.1 12.00 238.00 250.00 OK
r-patched-linux-x86_64 0.1.1 5.50 244.70 250.20 OK
r-release-linux-x86_64 0.1.1 6.86 239.19 246.05 OK
r-release-macos-arm64 0.1.1 NOTE
r-release-macos-x86_64 0.1.1 NOTE
r-release-windows-ix86+x86_64 0.1.1 17.00 303.00 320.00 OK
r-oldrel-macos-x86_64 0.1.1 NOTE
r-oldrel-windows-ix86+x86_64 0.1.1 17.00 317.00 334.00 OK

Check Details

Version: 0.1.1
Check: dependencies in R code
Result: NOTE
    Namespace in Imports field not imported from: ‘spatstat’
     All declared Imports should be used.
Flavors: r-devel-linux-x86_64-fedora-clang, r-devel-linux-x86_64-fedora-gcc, r-devel-windows-x86_64-new-TK, r-release-macos-arm64, r-release-macos-x86_64, r-oldrel-macos-x86_64