CRAN Package Check Results for Package fplyr

Last updated on 2021-07-31 22:53:30 CEST.

Flavor Version Tinstall Tcheck Ttotal Status Flags
r-devel-linux-x86_64-debian-clang 1.2.1 3.39 37.69 41.08 NOTE
r-devel-linux-x86_64-debian-gcc 1.2.1 2.32 28.51 30.83 NOTE
r-devel-linux-x86_64-fedora-clang 1.2.1 57.42 NOTE
r-devel-linux-x86_64-fedora-gcc 1.2.1 46.57 NOTE
r-devel-windows-x86_64 1.2.1 4.00 56.00 60.00 NOTE
r-devel-windows-x86_64-gcc10-UCRT 1.2.1 NOTE
r-patched-linux-x86_64 1.2.1 NOTE
r-patched-solaris-x86 1.2.1 72.10 NOTE
r-release-linux-x86_64 1.2.1 2.88 34.90 37.78 NOTE
r-release-macos-arm64 1.2.1 NOTE
r-release-macos-x86_64 1.2.1 NOTE
r-release-windows-ix86+x86_64 1.2.1 7.00 53.00 60.00 NOTE
r-oldrel-macos-x86_64 1.2.1 OK
r-oldrel-windows-ix86+x86_64 1.2.1 14.00 54.00 68.00 OK

Check Details

Version: 1.2.1
Check: LazyData
Result: NOTE
     'LazyData' is specified without a 'data' directory
Flavors: r-devel-linux-x86_64-debian-clang, r-devel-linux-x86_64-debian-gcc, r-devel-linux-x86_64-fedora-clang, r-devel-linux-x86_64-fedora-gcc, r-devel-windows-x86_64, r-devel-windows-x86_64-gcc10-UCRT, r-patched-linux-x86_64, r-patched-solaris-x86, r-release-linux-x86_64, r-release-macos-arm64, r-release-macos-x86_64, r-release-windows-ix86+x86_64