CRAN Package Check Results for Package fpp2

Last updated on 2021-09-18 23:49:53 CEST.

Flavor Version Tinstall Tcheck Ttotal Status Flags
r-devel-linux-x86_64-debian-clang 2.4 7.54 82.59 90.13 OK
r-devel-linux-x86_64-debian-gcc 2.4 5.96 61.16 67.12 OK
r-devel-linux-x86_64-fedora-clang 2.4 117.87 OK
r-devel-linux-x86_64-fedora-gcc 2.4 103.93 OK
r-devel-windows-x86_64 2.4 12.00 110.00 122.00 OK
r-devel-windows-x86_64-gcc10-UCRT 2.4 OK
r-patched-linux-x86_64 2.4 7.75 78.35 86.10 OK
r-patched-solaris-x86 2.4 148.30 NOTE
r-release-linux-x86_64 2.4 7.30 76.88 84.18 OK
r-release-macos-arm64 2.4 OK
r-release-macos-x86_64 2.4 OK
r-release-windows-ix86+x86_64 2.4 19.00 84.00 103.00 OK
r-oldrel-macos-x86_64 2.4 OK
r-oldrel-windows-ix86+x86_64 2.4 21.00 84.00 105.00 OK

Check Details

Version: 2.4
Check: package dependencies
Result: NOTE
    Package suggested but not available for checking: ‘seasonal’
Flavor: r-patched-solaris-x86