CRAN Package Check Results for Package fpp2

Last updated on 2020-01-18 22:48:32 CET.

Flavor Version Tinstall Tcheck Ttotal Status Flags
r-devel-linux-x86_64-debian-clang 2.3 6.57 66.26 72.83 OK
r-devel-linux-x86_64-debian-gcc 2.3 5.68 50.59 56.27 OK
r-devel-linux-x86_64-fedora-clang 2.3 93.13 OK
r-devel-linux-x86_64-fedora-gcc 2.3 88.49 OK
r-devel-windows-ix86+x86_64 2.3 26.00 136.00 162.00 OK
r-devel-windows-ix86+x86_64-gcc8 2.3 22.00 110.00 132.00 OK
r-patched-linux-x86_64 2.3 5.84 57.42 63.26 OK
r-patched-solaris-x86 2.3 115.10 OK
r-release-linux-x86_64 2.3 4.38 58.32 62.70 OK
r-release-windows-ix86+x86_64 2.3 22.00 109.00 131.00 OK
r-release-osx-x86_64 2.3 NOTE
r-oldrel-windows-ix86+x86_64 2.3 17.00 110.00 127.00 OK
r-oldrel-osx-x86_64 2.3 OK

Check Details

Version: 2.3
Check: package dependencies
Result: NOTE
    Package suggested but not available for checking: ‘seasonal’
Flavor: r-release-osx-x86_64