CRAN Package Check Results for Package fpp2

Last updated on 2019-09-15 22:49:20 CEST.

Flavor Version Tinstall Tcheck Ttotal Status Flags
r-devel-linux-x86_64-debian-clang 2.3 5.85 60.59 66.44 OK
r-devel-linux-x86_64-debian-gcc 2.3 5.07 47.01 52.08 OK
r-devel-linux-x86_64-fedora-clang 2.3 75.64 OK
r-devel-linux-x86_64-fedora-gcc 2.3 74.45 OK
r-devel-windows-ix86+x86_64 2.3 26.00 122.00 148.00 OK
r-patched-linux-x86_64 2.3 5.54 57.85 63.39 OK
r-patched-solaris-x86 2.3 110.80 OK
r-release-linux-x86_64 2.3 5.21 57.16 62.37 OK
r-release-windows-ix86+x86_64 2.3 19.00 83.00 102.00 OK
r-release-osx-x86_64 2.3 NOTE
r-oldrel-windows-ix86+x86_64 2.3 14.00 88.00 102.00 OK
r-oldrel-osx-x86_64 2.3 OK

Check Details

Version: 2.3
Check: package dependencies
Result: NOTE
    Package suggested but not available for checking: ‘seasonal’
Flavor: r-release-osx-x86_64