Last updated on 2023-09-24 22:59:38 CEST.
Flavor | Version | Tinstall | Tcheck | Ttotal | Status | Flags |
---|---|---|---|---|---|---|
r-devel-linux-x86_64-debian-clang | 2.5 | 7.17 | 91.23 | 98.40 | OK | |
r-devel-linux-x86_64-debian-gcc | 2.5 | 7.07 | 66.31 | 73.38 | OK | |
r-devel-linux-x86_64-fedora-clang | 2.5 | 118.21 | OK | |||
r-devel-linux-x86_64-fedora-gcc | 2.5 | 108.73 | OK | |||
r-devel-windows-x86_64 | 2.5 | 9.00 | 92.00 | 101.00 | OK | |
r-patched-linux-x86_64 | 2.5 | 5.89 | 84.74 | 90.63 | OK | |
r-release-linux-x86_64 | 2.5 | 6.93 | 84.85 | 91.78 | OK | |
r-release-macos-arm64 | 2.5 | 39.00 | OK | |||
r-release-macos-x86_64 | 2.5 | 56.00 | NOTE | |||
r-release-windows-x86_64 | 2.5 | 12.00 | 104.00 | 116.00 | OK | |
r-oldrel-macos-arm64 | 2.5 | 35.00 | OK | |||
r-oldrel-macos-x86_64 | 2.5 | 61.00 | OK | |||
r-oldrel-windows-x86_64 | 2.5 | 11.00 | 104.00 | 115.00 | OK |
Version: 2.5
Check: package dependencies
Result: NOTE
Package suggested but not available for checking: ‘Mcomp’
Flavor: r-release-macos-x86_64