CRAN Package Check Results for Package fpp3

Last updated on 2021-08-02 22:54:29 CEST.

Flavor Version Tinstall Tcheck Ttotal Status Flags
r-devel-linux-x86_64-debian-clang 0.4.0 7.05 69.12 76.17 OK
r-devel-linux-x86_64-debian-gcc 0.4.0 6.35 52.45 58.80 OK
r-devel-linux-x86_64-fedora-clang 0.4.0 100.61 NOTE
r-devel-linux-x86_64-fedora-gcc 0.4.0 88.36 NOTE
r-devel-windows-x86_64 0.4.0 21.00 89.00 110.00 OK
r-devel-windows-x86_64-gcc10-UCRT 0.4.0 NOTE
r-patched-linux-x86_64 0.4.0 OK
r-patched-solaris-x86 0.4.0 126.10 NOTE
r-release-linux-x86_64 0.4.0 6.36 65.03 71.39 OK
r-release-macos-arm64 0.4.0 NOTE
r-release-macos-x86_64 0.4.0 NOTE
r-release-windows-ix86+x86_64 0.4.0 20.00 66.00 86.00 OK
r-oldrel-macos-x86_64 0.4.0 NOTE
r-oldrel-windows-ix86+x86_64 0.4.0 25.00 87.00 112.00 OK

Check Details

Version: 0.4.0
Check: dependencies in R code
Result: NOTE
    Namespaces in Imports field not imported from:
     ‘dplyr’ ‘fable’ ‘fabletools’ ‘feasts’ ‘ggplot2’ ‘lubridate’ ‘tibble’
     ‘tidyr’ ‘tsibble’ ‘tsibbledata’ ‘urca’
     All declared Imports should be used.
Flavors: r-devel-linux-x86_64-fedora-clang, r-devel-linux-x86_64-fedora-gcc, r-devel-windows-x86_64-gcc10-UCRT, r-patched-solaris-x86, r-release-macos-arm64, r-release-macos-x86_64, r-oldrel-macos-x86_64