Last updated on 2024-04-19 22:55:46 CEST.
Flavor | Version | Tinstall | Tcheck | Ttotal | Status | Flags |
---|---|---|---|---|---|---|
r-devel-linux-x86_64-debian-clang | 2.1.0 | 5.05 | 64.86 | 69.91 | OK | |
r-devel-linux-x86_64-debian-gcc | 2.1.0 | OK | ||||
r-devel-linux-x86_64-fedora-clang | 2.1.0 | 85.73 | NOTE | |||
r-devel-linux-x86_64-fedora-gcc | 2.1.0 | 96.98 | NOTE | |||
r-prerel-macos-arm64 | 2.1.0 | 37.00 | OK | |||
r-prerel-windows-x86_64 | 2.1.0 | 6.00 | 78.00 | 84.00 | OK | |
r-patched-linux-x86_64 | 2.1.0 | 5.59 | 62.23 | 67.82 | OK | |
r-release-linux-x86_64 | 2.1.0 | 4.62 | 59.31 | 63.93 | OK | |
r-release-macos-arm64 | 2.1.0 | 41.00 | OK | |||
r-release-macos-x86_64 | 2.1.0 | 55.00 | OK | |||
r-release-windows-x86_64 | 2.1.0 | 7.00 | 84.00 | 91.00 | OK | |
r-oldrel-macos-arm64 | 2.1.0 | 34.00 | NOTE | |||
r-oldrel-windows-x86_64 | 2.1.0 | 7.00 | 80.00 | 87.00 | OK |
Version: 2.1.0
Check: data for non-ASCII characters
Result: NOTE
Note: found 1 marked UTF-8 string
Flavors: r-devel-linux-x86_64-fedora-clang, r-devel-linux-x86_64-fedora-gcc, r-oldrel-macos-arm64