CRAN Package Check Results for Package fresh

Last updated on 2024-02-29 22:58:44 CET.

Flavor Version Tinstall Tcheck Ttotal Status Flags
r-devel-linux-x86_64-debian-clang 0.2.0 7.41 69.81 77.22 NOTE
r-devel-linux-x86_64-debian-gcc 0.2.0 5.61 53.49 59.10 NOTE
r-devel-linux-x86_64-fedora-clang 0.2.0 101.12 NOTE
r-devel-linux-x86_64-fedora-gcc 0.2.0 105.95 NOTE
r-devel-windows-x86_64 0.2.0 10.00 86.00 96.00 NOTE
r-patched-linux-x86_64 0.2.0 8.00 67.55 75.55 NOTE
r-release-linux-x86_64 0.2.0 5.10 66.82 71.92 NOTE
r-release-macos-arm64 0.2.0 46.00 NOTE
r-release-macos-x86_64 0.2.0 65.00 NOTE
r-release-windows-x86_64 0.2.0 14.00 96.00 110.00 NOTE
r-oldrel-macos-arm64 0.2.0 31.00 NOTE
r-oldrel-windows-x86_64 0.2.0 13.00 98.00 111.00 NOTE

Check Details

Version: 0.2.0
Check: Rd files
Result: NOTE checkRd: (-1) adminlte_color.Rd:64: Lost braces; missing escapes or markup? 64 | defaults colors in {shinydashboard}. | ^ checkRd: (-1) adminlte_global.Rd:21: Lost braces; missing escapes or markup? 21 | global settings in {shinydashboard}. | ^ checkRd: (-1) adminlte_sidebar.Rd:61: Lost braces; missing escapes or markup? 61 | the sidebar in {shinydashboard}. | ^ checkRd: (-1) search_vars_adminlte2.Rd:15: Lost braces in \itemize; \value handles \item{}{} directly checkRd: (-1) search_vars_adminlte2.Rd:16: Lost braces in \itemize; \value handles \item{}{} directly checkRd: (-1) search_vars_bs.Rd:22: Lost braces in \itemize; \value handles \item{}{} directly checkRd: (-1) search_vars_bs.Rd:23: Lost braces in \itemize; \value handles \item{}{} directly checkRd: (-1) search_vars_bs4dash.Rd:17: Lost braces in \itemize; \value handles \item{}{} directly checkRd: (-1) search_vars_bs4dash.Rd:18: Lost braces in \itemize; \value handles \item{}{} directly checkRd: (-1) search_vars_bs4dash.Rd:19: Lost braces in \itemize; \value handles \item{}{} directly Flavors: r-devel-linux-x86_64-debian-clang, r-devel-linux-x86_64-debian-gcc, r-devel-linux-x86_64-fedora-clang, r-devel-linux-x86_64-fedora-gcc

Version: 0.2.0
Check: LazyData
Result: NOTE 'LazyData' is specified without a 'data' directory Flavors: r-devel-linux-x86_64-debian-clang, r-devel-linux-x86_64-debian-gcc, r-devel-linux-x86_64-fedora-clang, r-devel-linux-x86_64-fedora-gcc, r-devel-windows-x86_64, r-patched-linux-x86_64, r-release-linux-x86_64, r-release-macos-arm64, r-release-macos-x86_64, r-release-windows-x86_64, r-oldrel-macos-arm64, r-oldrel-windows-x86_64