CRAN Package Check Results for Package fresh

Last updated on 2021-11-26 23:03:25 CET.

Flavor Version Tinstall Tcheck Ttotal Status Flags
r-devel-linux-x86_64-debian-clang 0.2.0 5.80 54.87 60.67 NOTE
r-devel-linux-x86_64-debian-gcc 0.2.0 5.15 43.06 48.21 NOTE
r-devel-linux-x86_64-fedora-clang 0.2.0 84.37 NOTE
r-devel-linux-x86_64-fedora-gcc 0.2.0 73.40 NOTE
r-devel-windows-x86_64-new-UL 0.2.0 35.00 130.00 165.00 NOTE
r-devel-windows-x86_64-new-TK 0.2.0 NOTE
r-devel-windows-x86_64-old 0.2.0 10.00 97.00 107.00 NOTE
r-patched-linux-x86_64 0.2.0 7.13 56.20 63.33 NOTE
r-patched-solaris-x86 0.2.0 102.50 NOTE
r-release-linux-x86_64 0.2.0 NOTE
r-release-macos-arm64 0.2.0 NOTE
r-release-macos-x86_64 0.2.0 NOTE
r-release-windows-ix86+x86_64 0.2.0 14.00 65.00 79.00 NOTE
r-oldrel-macos-x86_64 0.2.0 OK
r-oldrel-windows-ix86+x86_64 0.2.0 14.00 87.00 101.00 OK

Check Details

Version: 0.2.0
Check: LazyData
Result: NOTE
     'LazyData' is specified without a 'data' directory
Flavors: r-devel-linux-x86_64-debian-clang, r-devel-linux-x86_64-debian-gcc, r-devel-linux-x86_64-fedora-clang, r-devel-linux-x86_64-fedora-gcc, r-devel-windows-x86_64-new-UL, r-devel-windows-x86_64-new-TK, r-devel-windows-x86_64-old, r-patched-linux-x86_64, r-patched-solaris-x86, r-release-linux-x86_64, r-release-macos-arm64, r-release-macos-x86_64, r-release-windows-ix86+x86_64