Last updated on 2024-04-24 23:00:20 CEST.
Flavor | Version | Tinstall | Tcheck | Ttotal | Status | Flags |
---|---|---|---|---|---|---|
r-devel-linux-x86_64-debian-clang | 0.1.0 | 5.32 | 35.54 | 40.86 | OK | |
r-devel-linux-x86_64-debian-gcc | 0.1.0 | 4.36 | 27.08 | 31.44 | OK | |
r-devel-linux-x86_64-fedora-clang | 0.1.0 | 51.75 | NOTE | |||
r-devel-linux-x86_64-fedora-gcc | 0.1.0 | 48.49 | NOTE | |||
r-devel-windows-x86_64 | 0.1.0 | 6.00 | 48.00 | 54.00 | OK | |
r-patched-linux-x86_64 | 0.1.0 | 5.67 | 33.86 | 39.53 | OK | |
r-release-linux-x86_64 | 0.1.0 | 5.86 | 34.72 | 40.58 | OK | |
r-release-macos-arm64 | 0.1.0 | 22.00 | OK | |||
r-release-windows-x86_64 | 0.1.0 | 6.00 | 47.00 | 53.00 | OK | |
r-oldrel-macos-arm64 | 0.1.0 | 18.00 | NOTE | |||
r-oldrel-macos-x86_64 | 0.1.0 | 30.00 | OK | |||
r-oldrel-windows-x86_64 | 0.1.0 | 8.00 | 48.00 | 56.00 | OK |
Version: 0.1.0
Check: data for non-ASCII characters
Result: NOTE
Note: found 50 marked UTF-8 strings
Flavors: r-devel-linux-x86_64-fedora-clang, r-devel-linux-x86_64-fedora-gcc, r-oldrel-macos-arm64