CRAN Package Check Results for Package friends

Last updated on 2021-11-29 22:59:11 CET.

Flavor Version Tinstall Tcheck Ttotal Status Flags
r-devel-linux-x86_64-debian-clang 0.1.0 3.81 30.12 33.93 OK
r-devel-linux-x86_64-debian-gcc 0.1.0 3.01 23.85 26.86 OK
r-devel-linux-x86_64-fedora-clang 0.1.0 53.11 NOTE
r-devel-linux-x86_64-fedora-gcc 0.1.0 41.85 NOTE
r-devel-windows-x86_64-new-UL 0.1.0 11.00 64.00 75.00 OK
r-devel-windows-x86_64-new-TK 0.1.0 NOTE
r-devel-windows-x86_64-old 0.1.0 8.00 34.00 42.00 OK
r-patched-linux-x86_64 0.1.0 4.52 29.20 33.72 OK
r-patched-solaris-x86 0.1.0 62.80 NOTE
r-release-linux-x86_64 0.1.0 4.43 29.44 33.87 OK
r-release-macos-arm64 0.1.0 NOTE
r-release-macos-x86_64 0.1.0 NOTE
r-release-windows-ix86+x86_64 0.1.0 9.00 37.00 46.00 OK
r-oldrel-macos-x86_64 0.1.0 NOTE
r-oldrel-windows-ix86+x86_64 0.1.0 8.00 43.00 51.00 OK

Check Details

Version: 0.1.0
Check: data for non-ASCII characters
Result: NOTE
     Note: found 50 marked UTF-8 strings
Flavors: r-devel-linux-x86_64-fedora-clang, r-devel-linux-x86_64-fedora-gcc, r-devel-windows-x86_64-new-TK, r-patched-solaris-x86, r-release-macos-arm64, r-release-macos-x86_64, r-oldrel-macos-x86_64