CRAN Package Check Results for Package frontier

Last updated on 2022-01-25 22:56:57 CET.

Flavor Version Tinstall Tcheck Ttotal Status Flags
r-devel-linux-x86_64-debian-clang 1.1-8 9.31 156.69 166.00 OK
r-devel-linux-x86_64-debian-gcc 1.1-8 8.38 112.60 120.98 OK
r-devel-linux-x86_64-fedora-clang 1.1-8 191.98 OK
r-devel-linux-x86_64-fedora-gcc 1.1-8 190.31 OK
r-devel-windows-x86_64-new-UL 1.1-8 64.00 181.00 245.00 OK
r-devel-windows-x86_64-new-TK 1.1-8 OK
r-patched-linux-x86_64 1.1-8 9.52 141.13 150.65 OK
r-release-linux-x86_64 1.1-8 7.38 144.34 151.72 OK
r-release-macos-arm64 1.1-8 OK
r-release-macos-x86_64 1.1-8 OK
r-release-windows-ix86+x86_64 1.1-8 22.00 202.00 224.00 ERROR
r-oldrel-macos-x86_64 1.1-8 OK
r-oldrel-windows-ix86+x86_64 1.1-8 22.00 293.00 315.00 OK

Check Details

Version: 1.1-8
Check: running tests for arch ‘i386’
Result: ERROR
     Running 'fail.R' [2s]
     Running 'frontier41.R' [2s]
     Running 'frontierTest.R' [73s]
     Running 'nestedModels.R' [0s]
     Running 'translogRay.R' [0s]
     Running 'translogRayMult.R' [0s]
     Running 'wrongSkewness.R' [0s]
    Running the tests in 'tests/nestedModels.R' failed.
    Complete output:
     > library( "frontier" )
     Error in library("frontier") : there is no package called 'frontier'
     Execution halted
    Running the tests in 'tests/translogRay.R' failed.
    Complete output:
     > library( frontier )
     Error in library(frontier) : there is no package called 'frontier'
     Execution halted
    Running the tests in 'tests/translogRayMult.R' failed.
    Complete output:
     > ## code based on a script written by Geraldine Henningsen. Thanks!
     >
     > library( "frontier" )
     Error in library("frontier") : there is no package called 'frontier'
     Execution halted
    Running the tests in 'tests/wrongSkewness.R' failed.
    Complete output:
     > library( frontier )
     Error in library(frontier) : there is no package called 'frontier'
     Execution halted
Flavor: r-release-windows-ix86+x86_64

Version: 1.1-8
Check: running tests for arch ‘x64’
Result: ERROR
     Running 'fail.R' [0s]
     Running 'frontier41.R' [0s]
     Running 'frontierTest.R' [0s]
     Running 'nestedModels.R' [0s]
     Running 'translogRay.R' [0s]
     Running 'translogRayMult.R' [0s]
     Running 'wrongSkewness.R' [0s]
    Running the tests in 'tests/fail.R' failed.
    Complete output:
     > library( "frontier" )
     Error in library("frontier") : there is no package called 'frontier'
     Execution halted
    Running the tests in 'tests/frontier41.R' failed.
    Complete output:
     > library( frontier )
     Error in library(frontier) : there is no package called 'frontier'
     Execution halted
    Running the tests in 'tests/frontierTest.R' failed.
    Complete output:
     > library( "frontier" )
     Error in library("frontier") : there is no package called 'frontier'
     Execution halted
    Running the tests in 'tests/nestedModels.R' failed.
    Complete output:
     > library( "frontier" )
     Error in library("frontier") : there is no package called 'frontier'
     Execution halted
    Running the tests in 'tests/translogRay.R' failed.
    Complete output:
     > library( frontier )
     Error in library(frontier) : there is no package called 'frontier'
     Execution halted
    Running the tests in 'tests/translogRayMult.R' failed.
    Complete output:
     > ## code based on a script written by Geraldine Henningsen. Thanks!
     >
     > library( "frontier" )
     Error in library("frontier") : there is no package called 'frontier'
     Execution halted
    Running the tests in 'tests/wrongSkewness.R' failed.
    Complete output:
     > library( frontier )
     Error in library(frontier) : there is no package called 'frontier'
     Execution halted
Flavor: r-release-windows-ix86+x86_64