Last updated on 2023-09-21 23:03:20 CEST.
Flavor | Version | Tinstall | Tcheck | Ttotal | Status | Flags |
---|---|---|---|---|---|---|
r-devel-linux-x86_64-debian-clang | 0.4.5 | 9.53 | 91.46 | 100.99 | OK | |
r-devel-linux-x86_64-debian-gcc | 0.4.5 | 5.59 | 62.87 | 68.46 | OK | |
r-devel-linux-x86_64-fedora-clang | 0.4.5 | 125.52 | NOTE | |||
r-devel-linux-x86_64-fedora-gcc | 0.4.5 | 112.31 | OK | |||
r-devel-windows-x86_64 | 0.4.5 | 9.00 | 93.00 | 102.00 | OK | |
r-patched-linux-x86_64 | 0.4.5 | 8.81 | 79.92 | 88.73 | OK | |
r-release-linux-x86_64 | 0.4.5 | 9.32 | 79.01 | 88.33 | OK | |
r-release-macos-arm64 | 0.4.5 | 36.00 | OK | |||
r-release-macos-x86_64 | 0.4.5 | 57.00 | OK | |||
r-release-windows-x86_64 | 0.4.5 | 11.00 | 100.00 | 111.00 | OK | |
r-oldrel-macos-arm64 | 0.4.5 | 35.00 | OK | |||
r-oldrel-macos-x86_64 | 0.4.5 | 49.00 | OK | |||
r-oldrel-windows-x86_64 | 0.4.5 | 12.00 | 89.00 | 101.00 | OK |
Version: 0.4.5
Check: Rd cross-references
Result: NOTE
Undeclared package ‘chillR’ in Rd xrefs
Flavor: r-devel-linux-x86_64-fedora-clang