CRAN Package Check Results for Package ftDK

Last updated on 2024-02-24 21:40:20 CET.

Flavor Version Tinstall Tcheck Ttotal Status Flags
r-devel-linux-x86_64-debian-clang 1.0 1.96 19.14 21.10 OK
r-devel-linux-x86_64-debian-gcc 1.0 1.62 16.68 18.30 OK
r-devel-linux-x86_64-fedora-clang 1.0 30.19 NOTE
r-devel-linux-x86_64-fedora-gcc 1.0 28.51 NOTE
r-devel-windows-x86_64 1.0 4.00 39.00 43.00 OK
r-patched-linux-x86_64 1.0 1.61 20.84 22.45 OK
r-release-linux-x86_64 1.0 2.01 20.88 22.89 OK
r-release-macos-arm64 1.0 15.00 OK
r-release-macos-x86_64 1.0 20.00 OK
r-release-windows-x86_64 1.0 4.00 38.00 42.00 OK
r-oldrel-macos-arm64 1.0 14.00 NOTE
r-oldrel-windows-x86_64 1.0 4.00 43.00 47.00 OK

Check Details

Version: 1.0
Check: data for non-ASCII characters
Result: NOTE Note: found 39 marked UTF-8 strings Flavors: r-devel-linux-x86_64-fedora-clang, r-devel-linux-x86_64-fedora-gcc, r-oldrel-macos-arm64