CRAN Package Check Results for Package fts

Last updated on 2022-01-20 22:54:03 CET.

Flavor Version Tinstall Tcheck Ttotal Status Flags
r-devel-linux-x86_64-debian-clang 0.9.9.2 OK
r-devel-linux-x86_64-debian-gcc 0.9.9.2 23.51 27.80 51.31 OK
r-devel-linux-x86_64-fedora-clang 0.9.9.2 90.03 NOTE
r-devel-linux-x86_64-fedora-gcc 0.9.9.2 74.53 NOTE
r-devel-windows-x86_64-new-UL 0.9.9.2 82.00 68.00 150.00 OK
r-devel-windows-x86_64-new-TK 0.9.9.2 OK
r-patched-linux-x86_64 0.9.9.2 27.95 34.27 62.22 OK
r-release-linux-x86_64 0.9.9.2 29.15 34.24 63.39 OK
r-release-macos-arm64 0.9.9.2 NOTE
r-release-macos-x86_64 0.9.9.2 OK
r-release-windows-ix86+x86_64 0.9.9.2 73.00 57.00 130.00 OK
r-oldrel-macos-x86_64 0.9.9.2 OK
r-oldrel-windows-ix86+x86_64 0.9.9.2 73.00 56.00 129.00 OK

Additional issues

clang-UBSAN gcc-UBSAN

Check Details

Version: 0.9.9.2
Check: compiled code
Result: NOTE
    File ‘fts/libs/fts.so’:
     Found no calls to: ‘R_registerRoutines’, ‘R_useDynamicSymbols’
    
    It is good practice to register native routines and to disable symbol
    search.
    
    See ‘Writing portable packages’ in the ‘Writing R Extensions’ manual.
Flavors: r-devel-linux-x86_64-fedora-clang, r-devel-linux-x86_64-fedora-gcc

Version: 0.9.9.2
Check: installed package size
Result: NOTE
     installed size is 6.3Mb
     sub-directories of 1Mb or more:
     libs 6.1Mb
Flavor: r-release-macos-arm64