Last updated on 2023-11-27 23:11:37 CET.
Flavor | Version | Tinstall | Tcheck | Ttotal | Status | Flags |
---|---|---|---|---|---|---|
r-devel-linux-x86_64-debian-clang | 6.3 | 31.90 | 295.09 | 326.99 | NOTE | |
r-devel-linux-x86_64-debian-gcc | 6.3 | 25.08 | 226.23 | 251.31 | NOTE | |
r-devel-linux-x86_64-fedora-clang | 6.3 | 403.25 | OK | |||
r-devel-linux-x86_64-fedora-gcc | 6.3 | 401.87 | OK | |||
r-devel-windows-x86_64 | 6.3 | 30.00 | 282.00 | 312.00 | OK | |
r-patched-linux-x86_64 | 6.3 | 46.04 | 279.65 | 325.69 | OK | |
r-release-linux-x86_64 | 6.3 | 25.53 | 281.31 | 306.84 | OK | |
r-release-macos-arm64 | 6.3 | 185.00 | OK | |||
r-release-macos-x86_64 | 6.3 | 263.00 | OK | |||
r-release-windows-x86_64 | 6.3 | 40.00 | 327.00 | 367.00 | OK | |
r-oldrel-macos-arm64 | 6.3 | 148.00 | OK | |||
r-oldrel-macos-x86_64 | 6.3 | 161.00 | OK | |||
r-oldrel-windows-x86_64 | 6.3 | 42.00 | 328.00 | 370.00 | OK |
Version: 6.3
Check: Rd files
Result: NOTE
checkRd: (-1) T_stationary.Rd:40: Lost braces
40 | A. Aue, G. Rice, O. S\"{o}nmez (2018) "Detecting and dating structural breaks in functional data without dimension reduction", \emph{Journal of the Royal Statistical Society: Series B}, \bold{80}(3), 509-529.
| ^
checkRd: (-1) facf.Rd:24: Lost braces
24 | L. Horv\'{a}th, G. Rice and S. Whipple (2016) Adaptive bandwidth selection in the long run covariance estimator of functional time series, \emph{Computational Statistics and Data Analysis}, \bold{100}, 676-693.
| ^
checkRd: (-1) farforecast.Rd:43: Lost braces
43 | J. Klepsch, C. Kl\"{u}ppelberg and T. Wei (2017) "Prediction of functional ARMA processes with an application to traffic data", \emph{Econometrics and Statistics}, \bold{1}, 128-149.
| ^
checkRd: (-1) fplsr.Rd:122: Lost braces
122 | M. Febrero-Bande, P. Galeano, W. Gonz\'{a}lez-Manteiga (2017), "Functional principal component regression and functional partial least-squares regression: An overview and a comparative study", \emph{International Statistical Review}, \bold{85}(1), 61-83.
| ^
Flavors: r-devel-linux-x86_64-debian-clang, r-devel-linux-x86_64-debian-gcc