CRAN Package Check Results for Package fulltext

Last updated on 2021-05-14 23:50:46 CEST.

Flavor Version Tinstall Tcheck Ttotal Status Flags
r-devel-linux-x86_64-debian-clang 1.7.0 14.53 104.43 118.96 OK
r-devel-linux-x86_64-debian-gcc 1.7.0 12.33 77.31 89.64 OK
r-devel-linux-x86_64-fedora-clang 1.7.0 149.88 OK
r-devel-linux-x86_64-fedora-gcc 1.7.0 135.43 OK
r-devel-windows-ix86+x86_64 1.7.0 34.00 89.00 123.00 OK
r-devel-windows-x86_64-gcc10-UCRT 1.7.0 OK
r-patched-linux-x86_64 1.7.0 20.47 98.02 118.49 OK
r-patched-solaris-x86 1.7.0 186.40 OK
r-release-linux-x86_64 1.7.0 15.20 95.72 110.92 OK
r-release-macos-x86_64 1.7.0 OK
r-release-windows-ix86+x86_64 1.7.0 25.00 127.00 152.00 OK
r-oldrel-macos-x86_64 1.7.0 ERROR
r-oldrel-windows-ix86+x86_64 1.7.0 18.00 132.00 150.00 OK

Check Details

Version: 1.7.0
Check: whether package can be installed
Result: ERROR
    Installation failed.
Flavor: r-oldrel-macos-x86_64